Last updated on 2025-11-04 03:50:52 CET.
| Flavor | Version | Tinstall | Tcheck | Ttotal | Status | Flags | 
|---|---|---|---|---|---|---|
| r-devel-linux-x86_64-debian-clang | 0.1.1 | 22.60 | 34.16 | 56.76 | NOTE | |
| r-devel-linux-x86_64-debian-gcc | 0.1.1 | 17.03 | 26.18 | 43.21 | NOTE | |
| r-devel-linux-x86_64-fedora-clang | 0.1.1 | 40.00 | 51.11 | 91.11 | OK | |
| r-devel-linux-x86_64-fedora-gcc | 0.1.1 | 38.00 | 52.04 | 90.04 | OK | |
| r-devel-windows-x86_64 | 0.1.1 | 28.00 | 71.00 | 99.00 | OK | |
| r-patched-linux-x86_64 | 0.1.1 | 20.93 | 32.67 | 53.60 | OK | |
| r-release-linux-x86_64 | 0.1.1 | 23.68 | 32.56 | 56.24 | OK | |
| r-release-macos-arm64 | 0.1.1 | 17.00 | 27.00 | 44.00 | OK | |
| r-release-macos-x86_64 | 0.1.1 | 15.00 | 29.00 | 44.00 | OK | |
| r-release-windows-x86_64 | 0.1.1 | 27.00 | 75.00 | 102.00 | OK | |
| r-oldrel-macos-arm64 | 0.1.1 | 8.00 | 17.00 | 25.00 | OK | |
| r-oldrel-macos-x86_64 | 0.1.1 | 14.00 | 24.00 | 38.00 | OK | |
| r-oldrel-windows-x86_64 | 0.1.1 | 33.00 | 82.00 | 115.00 | OK | 
Version: 0.1.1
Check: CRAN incoming feasibility
Result: NOTE
  Maintainer: ‘Dao Nguyen <dxnguyen@go.olemiss.edu>’
  
  No Authors@R field in DESCRIPTION.
  Please add one, modifying
    Authors@R: c(person(given = "Dao",
                        family = "Nguyen",
                        role = c("aut", "cre"),
                        email = "dxnguyen@go.olemiss.edu"),
                 person(given = "Xin",
                        family = "Dang",
                        role = "aut"))
  as necessary.
  
  The Description field contains
    Nguyen, D., Chen, Y. and Zhang, J., (2018) <arXiv:1809.09793>.
  Please refer to arXiv e-prints via their arXiv DOI <doi:10.48550/arXiv.YYMM.NNNNN>.
Flavors: r-devel-linux-x86_64-debian-clang, r-devel-linux-x86_64-debian-gcc