CRAN Package Check Results for Package GlobalOptions

Last updated on 2025-04-30 04:50:07 CEST.

Flavor Version Tinstall Tcheck Ttotal Status Flags
r-devel-linux-x86_64-debian-clang 0.1.2 3.59 27.41 31.00 NOTE
r-devel-linux-x86_64-debian-gcc 0.1.2 2.63 21.40 24.03 NOTE
r-devel-linux-x86_64-fedora-clang 0.1.2 49.88 OK
r-devel-linux-x86_64-fedora-gcc 0.1.2 66.38 OK
r-devel-windows-x86_64 0.1.2 4.00 51.00 55.00 OK
r-patched-linux-x86_64 0.1.2 2.94 26.53 29.47 OK
r-release-linux-x86_64 0.1.2 3.24 26.49 29.73 OK
r-release-macos-arm64 0.1.2 28.00 OK
r-release-macos-x86_64 0.1.2 67.00 OK
r-release-windows-x86_64 0.1.2 6.00 52.00 58.00 OK
r-oldrel-macos-arm64 0.1.2 32.00 OK
r-oldrel-macos-x86_64 0.1.2 62.00 OK
r-oldrel-windows-x86_64 0.1.2 5.00 52.00 57.00 OK

Check Details

Version: 0.1.2
Check: CRAN incoming feasibility
Result: NOTE Maintainer: ‘Zuguang Gu <z.gu@dkfz.de>’ No Authors@R field in DESCRIPTION. Please add one, modifying Authors@R: person(given = "Zuguang", family = "Gu", role = c("aut", "cre"), email = "z.gu@dkfz.de") as necessary. Flavors: r-devel-linux-x86_64-debian-clang, r-devel-linux-x86_64-debian-gcc