Last updated on 2025-04-30 04:50:07 CEST.
Flavor | Version | Tinstall | Tcheck | Ttotal | Status | Flags |
---|---|---|---|---|---|---|
r-devel-linux-x86_64-debian-clang | 1.2.7 | 36.14 | 56.03 | 92.17 | NOTE | |
r-devel-linux-x86_64-debian-gcc | 1.2.7 | 29.26 | 44.52 | 73.78 | NOTE | |
r-devel-linux-x86_64-fedora-clang | 1.2.7 | 167.48 | OK | |||
r-devel-linux-x86_64-fedora-gcc | 1.2.7 | 155.16 | OK | |||
r-devel-windows-x86_64 | 1.2.7 | 45.00 | 89.00 | 134.00 | OK | |
r-patched-linux-x86_64 | 1.2.7 | 36.68 | 54.23 | 90.91 | OK | |
r-release-linux-x86_64 | 1.2.7 | 37.99 | 54.19 | 92.18 | OK | |
r-release-macos-arm64 | 1.2.7 | 45.00 | OK | |||
r-release-macos-x86_64 | 1.2.7 | 75.00 | OK | |||
r-release-windows-x86_64 | 1.2.7 | 45.00 | 84.00 | 129.00 | OK | |
r-oldrel-macos-arm64 | 1.2.7 | 44.00 | OK | |||
r-oldrel-macos-x86_64 | 1.2.7 | 69.00 | OK | |||
r-oldrel-windows-x86_64 | 1.2.7 | 52.00 | 107.00 | 159.00 | OK |
Version: 1.2.7
Check: CRAN incoming feasibility
Result: NOTE
Maintainer: ‘Herve Cardot <herve.cardot@u-bourgogne.fr>’
No Authors@R field in DESCRIPTION.
Please add one, modifying
Authors@R: person(given = "Herve",
family = "Cardot",
role = c("aut", "cre"),
email = "herve.cardot@u-bourgogne.fr")
as necessary.
Flavors: r-devel-linux-x86_64-debian-clang, r-devel-linux-x86_64-debian-gcc