Last updated on 2025-04-30 04:50:07 CEST.
Flavor | Version | Tinstall | Tcheck | Ttotal | Status | Flags |
---|---|---|---|---|---|---|
r-devel-linux-x86_64-debian-clang | 1.2.1 | 18.81 | 502.92 | 521.73 | NOTE | |
r-devel-linux-x86_64-debian-gcc | 1.2.1 | 9.88 | 319.14 | 329.02 | NOTE | |
r-devel-linux-x86_64-fedora-clang | 1.2.1 | 825.89 | OK | |||
r-devel-linux-x86_64-fedora-gcc | 1.2.1 | 805.62 | OK | |||
r-devel-windows-x86_64 | 1.2.1 | 16.00 | 494.00 | 510.00 | OK | |
r-patched-linux-x86_64 | 1.2.1 | 16.33 | 476.53 | 492.86 | OK | |
r-release-linux-x86_64 | 1.2.1 | 16.78 | 477.91 | 494.69 | OK | |
r-release-macos-arm64 | 1.2.1 | 230.00 | OK | |||
r-release-macos-x86_64 | 1.2.1 | 436.00 | OK | |||
r-release-windows-x86_64 | 1.2.1 | 18.00 | 499.00 | 517.00 | OK | |
r-oldrel-macos-arm64 | 1.2.1 | 205.00 | OK | |||
r-oldrel-macos-x86_64 | 1.2.1 | 295.00 | OK | |||
r-oldrel-windows-x86_64 | 1.2.1 | 23.00 | 663.00 | 686.00 | OK |
Version: 1.2.1
Check: examples
Result: NOTE
Examples with CPU (user + system) or elapsed time > 5s
user system elapsed
CvMcens 7.681 0.066 8.556
ADcens 7.216 0.242 8.490
print.ADcens 6.306 0.000 7.527
print.CvMcens 6.305 0.000 6.915
print.chisqcens 6.246 0.027 7.397
KScens 5.651 0.021 6.237
print.KScens 5.046 0.000 6.056
Flavor: r-devel-linux-x86_64-debian-clang
Version: 1.2.1
Check: examples
Result: NOTE
Examples with CPU (user + system) or elapsed time > 5s
user system elapsed
CvMcens 4.649 0.063 5.646
ADcens 4.328 0.158 5.168
Flavor: r-devel-linux-x86_64-debian-gcc