Last updated on 2025-04-30 04:50:07 CEST.
Flavor | Version | Tinstall | Tcheck | Ttotal | Status | Flags |
---|---|---|---|---|---|---|
r-devel-linux-x86_64-debian-clang | 0.5.1 | 52.21 | 74.53 | 126.74 | NOTE | |
r-devel-linux-x86_64-debian-gcc | 0.5.1 | 37.81 | 51.09 | 88.90 | OK | |
r-devel-linux-x86_64-fedora-clang | 0.5.1 | 203.68 | OK | |||
r-devel-linux-x86_64-fedora-gcc | 0.5.1 | 200.00 | OK | |||
r-devel-windows-x86_64 | 0.5.1 | 58.00 | 117.00 | 175.00 | OK | |
r-patched-linux-x86_64 | 0.5.1 | 54.40 | 58.15 | 112.55 | OK | |
r-release-linux-x86_64 | 0.5.1 | 54.28 | 59.63 | 113.91 | OK | |
r-release-macos-arm64 | 0.5.1 | 53.00 | OK | |||
r-release-macos-x86_64 | 0.5.1 | 98.00 | OK | |||
r-release-windows-x86_64 | 0.5.1 | 59.00 | 127.00 | 186.00 | OK | |
r-oldrel-macos-arm64 | 0.5.1 | 51.00 | NOTE | |||
r-oldrel-macos-x86_64 | 0.5.1 | 132.00 | NOTE | |||
r-oldrel-windows-x86_64 | 0.5.1 | 67.00 | 131.00 | 198.00 | OK |
Version: 0.5.1
Check: examples
Result: NOTE
Examples with CPU time > 2.5 times elapsed time
user system elapsed ratio
vecchia_meanzero_loglik 1.140 0.016 0.387 2.987
vecchia_grouped_profbeta_loglik_grad_info 1.452 0.048 0.510 2.941
vecchia_grouped_profbeta_loglik 1.330 0.027 0.465 2.918
vecchia_profbeta_loglik 1.187 0.016 0.424 2.837
vecchia_profbeta_loglik_grad_info 1.086 0.007 0.395 2.767
vecchia_grouped_meanzero_loglik 1.357 0.017 0.518 2.653
Flavor: r-devel-linux-x86_64-debian-clang
Version: 0.5.1
Check: installed package size
Result: NOTE
installed size is 8.0Mb
sub-directories of 1Mb or more:
data 1.4Mb
libs 6.3Mb
Flavors: r-oldrel-macos-arm64, r-oldrel-macos-x86_64