CRAN Package Check Results for Package GreedyEPL

Last updated on 2025-04-30 04:50:07 CEST.

Flavor Version Tinstall Tcheck Ttotal Status Flags
r-devel-linux-x86_64-debian-clang 1.2 64.57 21.84 86.41 NOTE
r-devel-linux-x86_64-debian-gcc 1.2 42.09 17.40 59.49 NOTE
r-devel-linux-x86_64-fedora-clang 1.2 187.99 NOTE
r-devel-linux-x86_64-fedora-gcc 1.2 152.24 NOTE
r-devel-windows-x86_64 1.2 76.00 62.00 138.00 NOTE
r-patched-linux-x86_64 1.2 58.66 21.11 79.77 NOTE
r-release-linux-x86_64 1.2 59.57 21.05 80.62 NOTE
r-release-macos-arm64 1.2 42.00 NOTE
r-release-macos-x86_64 1.2 54.00 NOTE
r-release-windows-x86_64 1.2 76.00 60.00 136.00 NOTE
r-oldrel-macos-arm64 1.2 39.00 NOTE
r-oldrel-macos-x86_64 1.2 43.00 NOTE
r-oldrel-windows-x86_64 1.2 86.00 73.00 159.00 NOTE

Check Details

Version: 1.2
Check: Rd files
Result: NOTE checkRd: (-1) MinimiseEPL.Rd:17: Lost braces in \itemize; meant \describe ? checkRd: (-1) MinimiseEPL.Rd:18: Lost braces in \itemize; meant \describe ? checkRd: (-1) MinimiseEPL.Rd:19: Lost braces in \itemize; meant \describe ? checkRd: (-1) MinimiseEPL.Rd:20: Lost braces in \itemize; meant \describe ? Flavors: r-devel-linux-x86_64-debian-clang, r-devel-linux-x86_64-debian-gcc, r-devel-linux-x86_64-fedora-clang, r-devel-linux-x86_64-fedora-gcc, r-devel-windows-x86_64, r-patched-linux-x86_64, r-release-linux-x86_64, r-release-macos-arm64, r-release-macos-x86_64, r-release-windows-x86_64, r-oldrel-macos-arm64, r-oldrel-macos-x86_64, r-oldrel-windows-x86_64