Last updated on 2025-04-30 04:50:07 CEST.
Flavor | Version | Tinstall | Tcheck | Ttotal | Status | Flags |
---|---|---|---|---|---|---|
r-devel-linux-x86_64-debian-clang | 2.0.2 | 43.43 | 75.43 | 118.86 | NOTE | |
r-devel-linux-x86_64-debian-gcc | 2.0.2 | 34.55 | 55.52 | 90.07 | NOTE | |
r-devel-linux-x86_64-fedora-clang | 2.0.2 | 226.37 | NOTE | |||
r-devel-linux-x86_64-fedora-gcc | 2.0.2 | 243.34 | NOTE | |||
r-devel-windows-x86_64 | 2.0.2 | 56.00 | 118.00 | 174.00 | NOTE | |
r-patched-linux-x86_64 | 2.0.2 | 48.62 | 71.50 | 120.12 | NOTE | |
r-release-linux-x86_64 | 2.0.2 | 47.15 | 70.58 | 117.73 | NOTE | |
r-release-macos-arm64 | 2.0.2 | 117.00 | NOTE | |||
r-release-macos-x86_64 | 2.0.2 | 125.00 | NOTE | |||
r-release-windows-x86_64 | 2.0.2 | 56.00 | 107.00 | 163.00 | NOTE | |
r-oldrel-macos-arm64 | 2.0.2 | 67.00 | NOTE | |||
r-oldrel-macos-x86_64 | 2.0.2 | 87.00 | NOTE | |||
r-oldrel-windows-x86_64 | 2.0.2 | 63.00 | 133.00 | 196.00 | NOTE |
Version: 2.0.2
Check: C++ specification
Result: NOTE
Specified C++11: please drop specification unless essential
Flavors: r-devel-linux-x86_64-debian-clang, r-devel-linux-x86_64-debian-gcc, r-devel-linux-x86_64-fedora-clang, r-devel-linux-x86_64-fedora-gcc, r-devel-windows-x86_64, r-patched-linux-x86_64, r-release-linux-x86_64, r-release-macos-arm64, r-release-macos-x86_64, r-release-windows-x86_64, r-oldrel-macos-arm64, r-oldrel-macos-x86_64, r-oldrel-windows-x86_64