Last updated on 2025-04-30 04:50:07 CEST.
Flavor | Version | Tinstall | Tcheck | Ttotal | Status | Flags |
---|---|---|---|---|---|---|
r-devel-linux-x86_64-debian-clang | 1.0.1 | 7.33 | 83.15 | 90.48 | NOTE | |
r-devel-linux-x86_64-debian-gcc | 1.0.1 | 4.67 | 57.58 | 62.25 | OK | |
r-devel-linux-x86_64-fedora-clang | 1.0.1 | 145.17 | OK | |||
r-devel-linux-x86_64-fedora-gcc | 1.0.1 | 152.20 | OK | |||
r-devel-windows-x86_64 | 1.0.1 | 8.00 | 98.00 | 106.00 | OK | |
r-patched-linux-x86_64 | 1.0.1 | 7.68 | 78.98 | 86.66 | OK | |
r-release-linux-x86_64 | 1.0.1 | 7.03 | 77.36 | 84.39 | OK | |
r-release-macos-arm64 | 1.0.1 | 47.00 | OK | |||
r-release-macos-x86_64 | 1.0.1 | 95.00 | OK | |||
r-release-windows-x86_64 | 1.0.1 | 9.00 | 101.00 | 110.00 | OK | |
r-oldrel-macos-arm64 | 1.0.1 | 47.00 | OK | |||
r-oldrel-macos-x86_64 | 1.0.1 | 79.00 | OK | |||
r-oldrel-windows-x86_64 | 1.0.1 | 11.00 | 120.00 | 131.00 | OK |
Version: 1.0.1
Check: examples
Result: NOTE
Examples with CPU (user + system) or elapsed time > 5s
user system elapsed
get_data_by_dims 4.929 0.070 6.306
group_data_by_dims 4.592 0.008 5.343
Flavor: r-devel-linux-x86_64-debian-clang