CRAN Package Check Results for Package HCD

Last updated on 2025-04-30 04:50:07 CEST.

Flavor Version Tinstall Tcheck Ttotal Status Flags
r-devel-linux-x86_64-debian-clang 1.0 13.99 101.45 115.44 NOTE
r-devel-linux-x86_64-debian-gcc 1.0 8.79 73.33 82.12 NOTE
r-devel-linux-x86_64-fedora-clang 1.0 181.38 OK
r-devel-linux-x86_64-fedora-gcc 1.0 171.39 OK
r-devel-windows-x86_64 1.0 15.00 105.00 120.00 OK
r-patched-linux-x86_64 1.0 13.62 95.89 109.51 OK
r-release-linux-x86_64 1.0 12.95 96.43 109.38 OK
r-release-macos-arm64 1.0 48.00 OK
r-release-macos-x86_64 1.0 86.00 OK
r-release-windows-x86_64 1.0 14.00 107.00 121.00 OK
r-oldrel-macos-arm64 1.0 47.00 OK
r-oldrel-macos-x86_64 1.0 68.00 OK
r-oldrel-windows-x86_64 1.0 18.00 130.00 148.00 OK

Check Details

Version: 1.0
Check: CRAN incoming feasibility
Result: NOTE Maintainer: ‘Tianxi Li <tianxili@umn.edu>’ The Description field contains <arXiv:1810.01509>. The package also includes a data generating Please refer to arXiv e-prints via their arXiv DOI <doi:10.48550/arXiv.YYMM.NNNNN>. Flavors: r-devel-linux-x86_64-debian-clang, r-devel-linux-x86_64-debian-gcc