CRAN Package Check Results for Package HCR

Last updated on 2025-04-30 04:50:07 CEST.

Flavor Version Tinstall Tcheck Ttotal Status Flags
r-devel-linux-x86_64-debian-clang 0.1.1 2.16 28.15 30.31 NOTE
r-devel-linux-x86_64-debian-gcc 0.1.1 1.75 20.97 22.72 NOTE
r-devel-linux-x86_64-fedora-clang 0.1.1 47.51 OK
r-devel-linux-x86_64-fedora-gcc 0.1.1 44.08 OK
r-devel-windows-x86_64 0.1.1 3.00 51.00 54.00 OK
r-patched-linux-x86_64 0.1.1 2.29 25.60 27.89 OK
r-release-linux-x86_64 0.1.1 2.10 26.60 28.70 OK
r-release-macos-arm64 0.1.1 19.00 OK
r-release-macos-x86_64 0.1.1 32.00 OK
r-release-windows-x86_64 0.1.1 4.00 49.00 53.00 OK
r-oldrel-macos-arm64 0.1.1 17.00 NOTE
r-oldrel-macos-x86_64 0.1.1 30.00 NOTE
r-oldrel-windows-x86_64 0.1.1 3.00 51.00 54.00 NOTE

Check Details

Version: 0.1.1
Check: CRAN incoming feasibility
Result: NOTE Maintainer: ‘Jie Qiao <qiaojie.chn@gmail.com>’ Package CITATION file contains call(s) to old-style personList() or as.personList(). Please use c() on person objects instead. Package CITATION file contains call(s) to old-style citEntry(). Please use bibentry() instead. Flavors: r-devel-linux-x86_64-debian-clang, r-devel-linux-x86_64-debian-gcc

Version: 0.1.1
Check: examples
Result: NOTE Examples with CPU (user + system) or elapsed time > 5s user system elapsed HCR 5.595 0.166 7.303 Flavor: r-devel-linux-x86_64-debian-clang

Version: 0.1.1
Check: LazyData
Result: NOTE 'LazyData' is specified without a 'data' directory Flavors: r-oldrel-macos-arm64, r-oldrel-macos-x86_64, r-oldrel-windows-x86_64