CRAN Package Check Results for Package HCTR

Last updated on 2025-04-30 04:50:07 CEST.

Flavor Version Tinstall Tcheck Ttotal Status Flags
r-devel-linux-x86_64-debian-clang 0.1.1 7.22 65.30 72.52 OK
r-devel-linux-x86_64-debian-gcc 0.1.1 5.35 49.50 54.85 OK
r-devel-linux-x86_64-fedora-clang 0.1.1 110.12 OK
r-devel-linux-x86_64-fedora-gcc 0.1.1 107.12 OK
r-devel-windows-x86_64 0.1.1 8.00 86.00 94.00 OK
r-patched-linux-x86_64 0.1.1 6.31 62.15 68.46 OK
r-release-linux-x86_64 0.1.1 6.62 61.96 68.58 OK
r-release-macos-arm64 0.1.1 40.00 OK
r-release-macos-x86_64 0.1.1 70.00 OK
r-release-windows-x86_64 0.1.1 9.00 83.00 92.00 OK
r-oldrel-macos-arm64 0.1.1 35.00 NOTE
r-oldrel-macos-x86_64 0.1.1 51.00 NOTE
r-oldrel-windows-x86_64 0.1.1 9.00 97.00 106.00 NOTE

Check Details

Version: 0.1.1
Check: LazyData
Result: NOTE 'LazyData' is specified without a 'data' directory Flavors: r-oldrel-macos-arm64, r-oldrel-macos-x86_64, r-oldrel-windows-x86_64