Last updated on 2025-04-30 04:50:07 CEST.
Flavor | Version | Tinstall | Tcheck | Ttotal | Status | Flags |
---|---|---|---|---|---|---|
r-devel-linux-x86_64-debian-clang | 0.8.3 | 11.71 | 101.10 | 112.81 | NOTE | |
r-devel-linux-x86_64-debian-gcc | 0.8.3 | 7.89 | 74.08 | 81.97 | OK | |
r-devel-linux-x86_64-fedora-clang | 0.8.3 | 175.51 | OK | |||
r-devel-linux-x86_64-fedora-gcc | 0.8.3 | 242.96 | OK | |||
r-devel-windows-x86_64 | 0.8.3 | 14.00 | 114.00 | 128.00 | OK | |
r-patched-linux-x86_64 | 0.8.3 | 11.84 | 97.60 | 109.44 | OK | |
r-release-linux-x86_64 | 0.8.3 | 11.65 | 97.02 | 108.67 | OK | |
r-release-macos-arm64 | 0.8.3 | 78.00 | OK | |||
r-release-macos-x86_64 | 0.8.3 | 142.00 | OK | |||
r-release-windows-x86_64 | 0.8.3 | 12.00 | 112.00 | 124.00 | OK | |
r-oldrel-macos-arm64 | 0.8.3 | 83.00 | OK | |||
r-oldrel-macos-x86_64 | 0.8.3 | 147.00 | OK | |||
r-oldrel-windows-x86_64 | 0.8.3 | 16.00 | 142.00 | 158.00 | OK |
Version: 0.8.3
Check: examples
Result: NOTE
Examples with CPU (user + system) or elapsed time > 5s
user system elapsed
asca 5.102 0.115 6.992
Flavor: r-devel-linux-x86_64-debian-clang