Last updated on 2025-04-30 04:50:08 CEST.
Flavor | Version | Tinstall | Tcheck | Ttotal | Status | Flags |
---|---|---|---|---|---|---|
r-devel-linux-x86_64-debian-clang | 1.0-2 | 7.39 | 96.36 | 103.75 | NOTE | |
r-devel-linux-x86_64-debian-gcc | 1.0-2 | 5.97 | 71.09 | 77.06 | NOTE | |
r-devel-linux-x86_64-fedora-clang | 1.0-2 | 162.40 | OK | |||
r-devel-linux-x86_64-fedora-gcc | 1.0-2 | 164.49 | OK | |||
r-devel-windows-x86_64 | 1.0-2 | 9.00 | 110.00 | 119.00 | OK | |
r-patched-linux-x86_64 | 1.0-2 | 7.73 | 96.03 | 103.76 | OK | |
r-release-linux-x86_64 | 1.0-2 | 7.63 | 95.05 | 102.68 | OK | |
r-release-macos-arm64 | 1.0-2 | 51.00 | OK | |||
r-release-macos-x86_64 | 1.0-2 | 123.00 | OK | |||
r-release-windows-x86_64 | 1.0-2 | 9.00 | 108.00 | 117.00 | OK | |
r-oldrel-macos-arm64 | 1.0-2 | 50.00 | OK | |||
r-oldrel-macos-x86_64 | 1.0-2 | 75.00 | OK | |||
r-oldrel-windows-x86_64 | 1.0-2 | 10.00 | 133.00 | 143.00 | OK |
Version: 1.0-2
Check: CRAN incoming feasibility
Result: NOTE
Maintainer: ‘Xin Xu <xin.xu@yale.edu>’
No Authors@R field in DESCRIPTION.
Please add one, modifying
Authors@R: c(person(given = "Hanzhong",
family = "Liu",
role = "aut"),
person(given = "Xin",
family = "Xu",
role = c("aut", "cre"),
email = "xin.xu@yale.edu"),
person(given = c("Jingyi", "Jessica"),
family = "Li",
role = "aut"))
as necessary.
Flavors: r-devel-linux-x86_64-debian-clang, r-devel-linux-x86_64-debian-gcc
Version: 1.0-2
Check: examples
Result: NOTE
Examples with CPU (user + system) or elapsed time > 5s
user system elapsed
LPR 4.948 0.232 6.697
bootLOPR 4.827 0.003 5.600
LassoOLS 4.492 0.067 5.755
Lasso 4.523 0.019 5.429
bootLPR 4.522 0.009 5.293
bootLassoOLS 4.281 0.000 5.783
Flavor: r-devel-linux-x86_64-debian-clang