Last updated on 2025-04-30 04:50:08 CEST.
Flavor | Version | Tinstall | Tcheck | Ttotal | Status | Flags |
---|---|---|---|---|---|---|
r-devel-linux-x86_64-debian-clang | 2.1.0 | 12.89 | 40.78 | 53.67 | NOTE | |
r-devel-linux-x86_64-debian-gcc | 2.1.0 | 9.57 | 28.69 | 38.26 | OK | |
r-devel-linux-x86_64-fedora-clang | 2.1.0 | 92.49 | OK | |||
r-devel-linux-x86_64-fedora-gcc | 2.1.0 | 87.73 | OK | |||
r-devel-windows-x86_64 | 2.1.0 | 16.00 | 81.00 | 97.00 | OK | |
r-patched-linux-x86_64 | 2.1.0 | 12.77 | 39.28 | 52.05 | OK | |
r-release-linux-x86_64 | 2.1.0 | 14.12 | 39.59 | 53.71 | OK | |
r-release-macos-arm64 | 2.1.0 | 28.00 | OK | |||
r-release-macos-x86_64 | 2.1.0 | 51.00 | OK | |||
r-release-windows-x86_64 | 2.1.0 | 15.00 | 79.00 | 94.00 | OK | |
r-oldrel-macos-arm64 | 2.1.0 | 27.00 | OK | |||
r-oldrel-macos-x86_64 | 2.1.0 | 37.00 | OK | |||
r-oldrel-windows-x86_64 | 2.1.0 | 14.00 | 89.00 | 103.00 | OK |
Version: 2.1.0
Check: examples
Result: NOTE
Examples with CPU (user + system) or elapsed time > 5s
user system elapsed
ARItest 4.654 0 6.311
Flavor: r-devel-linux-x86_64-debian-clang