CRAN Package Check Results for Package HDNRA

Last updated on 2025-04-30 04:50:08 CEST.

Flavor Version Tinstall Tcheck Ttotal Status Flags
r-devel-linux-x86_64-debian-clang 2.0.1 49.01 95.75 144.76 OK
r-devel-linux-x86_64-debian-gcc 2.0.1 29.77 69.95 99.72 OK
r-devel-linux-x86_64-fedora-clang 2.0.1 225.19 OK
r-devel-linux-x86_64-fedora-gcc 2.0.1 217.02 OK
r-devel-windows-x86_64 2.0.1 47.00 124.00 171.00 OK
r-patched-linux-x86_64 2.0.1 39.78 89.82 129.60 OK
r-release-linux-x86_64 2.0.1 45.06 89.06 134.12 OK
r-release-macos-arm64 2.0.1 67.00 OK
r-release-macos-x86_64 2.0.1 144.00 OK
r-release-windows-x86_64 2.0.1 47.00 124.00 171.00 OK
r-oldrel-macos-arm64 2.0.1 66.00 NOTE
r-oldrel-macos-x86_64 2.0.1 112.00 NOTE
r-oldrel-windows-x86_64 2.0.1 56.00 161.00 217.00 NOTE

Check Details

Version: 2.0.1
Check: installed package size
Result: NOTE installed size is 10.8Mb sub-directories of 1Mb or more: data 5.8Mb libs 4.8Mb Flavors: r-oldrel-macos-arm64, r-oldrel-macos-x86_64, r-oldrel-windows-x86_64