Last updated on 2025-04-30 04:50:08 CEST.
Flavor | Version | Tinstall | Tcheck | Ttotal | Status | Flags |
---|---|---|---|---|---|---|
r-devel-linux-x86_64-debian-clang | 0.1.5 | 7.62 | 66.77 | 74.39 | NOTE | |
r-devel-linux-x86_64-debian-gcc | 0.1.5 | 5.30 | 50.07 | 55.37 | OK | |
r-devel-linux-x86_64-fedora-clang | 0.1.5 | 115.68 | OK | |||
r-devel-linux-x86_64-fedora-gcc | 0.1.5 | 110.16 | OK | |||
r-devel-windows-x86_64 | 0.1.5 | 8.00 | 78.00 | 86.00 | OK | |
r-patched-linux-x86_64 | 0.1.5 | 7.45 | 63.10 | 70.55 | OK | |
r-release-linux-x86_64 | 0.1.5 | 7.43 | 63.75 | 71.18 | OK | |
r-release-macos-arm64 | 0.1.5 | 37.00 | OK | |||
r-release-macos-x86_64 | 0.1.5 | 68.00 | OK | |||
r-release-windows-x86_64 | 0.1.5 | 8.00 | 79.00 | 87.00 | OK | |
r-oldrel-macos-arm64 | 0.1.5 | 35.00 | OK | |||
r-oldrel-macos-x86_64 | 0.1.5 | 103.00 | OK | |||
r-oldrel-windows-x86_64 | 0.1.5 | 9.00 | 95.00 | 104.00 | OK |
Version: 0.1.5
Check: examples
Result: NOTE
Examples with CPU (user + system) or elapsed time > 5s
user system elapsed
IQR_FN 4.431 0.003 5.393
Flavor: r-devel-linux-x86_64-debian-clang