Last updated on 2025-04-30 04:50:08 CEST.
Flavor | Version | Tinstall | Tcheck | Ttotal | Status | Flags |
---|---|---|---|---|---|---|
r-devel-linux-x86_64-debian-clang | 3.1-53 | 27.92 | 302.69 | 330.61 | NOTE | |
r-devel-linux-x86_64-debian-gcc | 3.1-53 | 20.57 | 206.63 | 227.20 | OK | |
r-devel-linux-x86_64-fedora-clang | 3.1-53 | 569.35 | OK | |||
r-devel-linux-x86_64-fedora-gcc | 3.1-53 | 545.50 | OK | |||
r-devel-windows-x86_64 | 3.1-53 | 31.00 | 340.00 | 371.00 | OK | |
r-patched-linux-x86_64 | 3.1-53 | 32.68 | 288.55 | 321.23 | OK | |
r-release-linux-x86_64 | 3.1-53 | 28.56 | 290.20 | 318.76 | OK | |
r-release-macos-arm64 | 3.1-53 | 140.00 | OK | |||
r-release-macos-x86_64 | 3.1-53 | 267.00 | OK | |||
r-release-windows-x86_64 | 3.1-53 | 32.00 | 346.00 | 378.00 | OK | |
r-oldrel-macos-arm64 | 3.1-53 | 143.00 | OK | |||
r-oldrel-macos-x86_64 | 3.1-53 | 311.00 | OK | |||
r-oldrel-windows-x86_64 | 3.1-53 | 42.00 | 440.00 | 482.00 | OK |
Version: 3.1-53
Check: examples
Result: NOTE
Examples with CPU (user + system) or elapsed time > 5s
user system elapsed
mmc 5.512 0.028 7.560
interaction2wt 4.854 0.031 5.753
Flavor: r-devel-linux-x86_64-debian-clang