Last updated on 2025-04-30 04:50:08 CEST.
Flavor | Version | Tinstall | Tcheck | Ttotal | Status | Flags |
---|---|---|---|---|---|---|
r-devel-linux-x86_64-debian-clang | 1.1 | 2.38 | 34.27 | 36.65 | NOTE | |
r-devel-linux-x86_64-debian-gcc | 1.1 | 1.75 | 27.51 | 29.26 | NOTE | |
r-devel-linux-x86_64-fedora-clang | 1.1 | 57.57 | OK | |||
r-devel-linux-x86_64-fedora-gcc | 1.1 | 58.11 | OK | |||
r-devel-windows-x86_64 | 1.1 | 5.00 | 60.00 | 65.00 | OK | |
r-patched-linux-x86_64 | 1.1 | 2.82 | 34.42 | 37.24 | OK | |
r-release-linux-x86_64 | 1.1 | 2.31 | 34.06 | 36.37 | OK | |
r-release-macos-arm64 | 1.1 | 30.00 | OK | |||
r-release-macos-x86_64 | 1.1 | 47.00 | OK | |||
r-release-windows-x86_64 | 1.1 | 4.00 | 57.00 | 61.00 | OK | |
r-oldrel-macos-arm64 | 1.1 | 29.00 | OK | |||
r-oldrel-macos-x86_64 | 1.1 | 54.00 | OK | |||
r-oldrel-windows-x86_64 | 1.1 | 4.00 | 61.00 | 65.00 | OK |
Version: 1.1
Check: examples
Result: NOTE
Examples with CPU (user + system) or elapsed time > 5s
user system elapsed
anchored_lasso_testing 6.536 0.183 8.774
Flavor: r-devel-linux-x86_64-debian-clang
Version: 1.1
Check: examples
Result: NOTE
Examples with CPU (user + system) or elapsed time > 5s
user system elapsed
anchored_lasso_testing 4.745 0.112 6.514
Flavor: r-devel-linux-x86_64-debian-gcc