CRAN Package Check Results for Package HMMmlselect

Last updated on 2025-04-30 04:50:08 CEST.

Flavor Version Tinstall Tcheck Ttotal Status Flags
r-devel-linux-x86_64-debian-clang 0.1.6 21.48 76.24 97.72 NOTE
r-devel-linux-x86_64-debian-gcc 0.1.6 15.91 55.66 71.57 NOTE
r-devel-linux-x86_64-fedora-clang 0.1.6 155.05 NOTE
r-devel-linux-x86_64-fedora-gcc 0.1.6 153.28 NOTE
r-devel-windows-x86_64 0.1.6 24.00 133.00 157.00 NOTE
r-patched-linux-x86_64 0.1.6 20.52 72.69 93.21 NOTE
r-release-linux-x86_64 0.1.6 21.55 71.37 92.92 NOTE
r-release-macos-arm64 0.1.6 54.00 NOTE
r-release-macos-x86_64 0.1.6 111.00 NOTE
r-release-windows-x86_64 0.1.6 24.00 135.00 159.00 NOTE
r-oldrel-macos-arm64 0.1.6 48.00 NOTE
r-oldrel-macos-x86_64 0.1.6 85.00 NOTE
r-oldrel-windows-x86_64 0.1.6 27.00 144.00 171.00 NOTE

Check Details

Version: 0.1.6
Check: CRAN incoming feasibility
Result: NOTE Maintainer: ‘Chu-Lan Michael Kao <chulankao@gmail.com>’ No Authors@R field in DESCRIPTION. Please add one, modifying Authors@R: c(person(given = "Yang", family = "Chen", role = "aut"), person(given = "Cheng-Der", family = "Fuh", role = "aut"), person(given = "Chu-Lan", family = "Kao", role = "aut"), person(given = c("S.", "C."), family = "Kou.", role = "aut"), person(given = c("Chu-Lan", "Michael"), family = "Kao", role = "cre", email = "chulankao@gmail.com")) as necessary. Flavors: r-devel-linux-x86_64-debian-clang, r-devel-linux-x86_64-debian-gcc

Version: 0.1.6
Check: C++ specification
Result: NOTE Specified C++11: please drop specification unless essential Flavors: r-devel-linux-x86_64-debian-clang, r-devel-linux-x86_64-debian-gcc, r-devel-linux-x86_64-fedora-clang, r-devel-linux-x86_64-fedora-gcc, r-devel-windows-x86_64, r-patched-linux-x86_64, r-release-linux-x86_64, r-release-macos-arm64, r-release-macos-x86_64, r-release-windows-x86_64, r-oldrel-macos-arm64, r-oldrel-macos-x86_64, r-oldrel-windows-x86_64

Version: 0.1.6
Check: LazyData
Result: NOTE 'LazyData' is specified without a 'data' directory Flavors: r-oldrel-macos-arm64, r-oldrel-macos-x86_64, r-oldrel-windows-x86_64