Last updated on 2025-04-30 04:50:08 CEST.
Flavor | Version | Tinstall | Tcheck | Ttotal | Status | Flags |
---|---|---|---|---|---|---|
r-devel-linux-x86_64-debian-clang | 1.0 | 8.97 | 104.36 | 113.33 | NOTE | |
r-devel-linux-x86_64-debian-gcc | 1.0 | 6.57 | 71.00 | 77.57 | OK | |
r-devel-linux-x86_64-fedora-clang | 1.0 | 179.87 | OK | |||
r-devel-linux-x86_64-fedora-gcc | 1.0 | 181.96 | OK | |||
r-devel-windows-x86_64 | 1.0 | 13.00 | 123.00 | 136.00 | OK | |
r-patched-linux-x86_64 | 1.0 | 9.37 | 97.08 | 106.45 | OK | |
r-release-linux-x86_64 | 1.0 | 8.05 | 95.81 | 103.86 | OK | |
r-release-macos-arm64 | 1.0 | 57.00 | OK | |||
r-release-macos-x86_64 | 1.0 | 100.00 | OK | |||
r-release-windows-x86_64 | 1.0 | 11.00 | 123.00 | 134.00 | OK | |
r-oldrel-macos-arm64 | 1.0 | 54.00 | OK | |||
r-oldrel-macos-x86_64 | 1.0 | 96.00 | OK | |||
r-oldrel-windows-x86_64 | 1.0 | 13.00 | 152.00 | 165.00 | OK |
Version: 1.0
Check: examples
Result: NOTE
Examples with CPU (user + system) or elapsed time > 5s
user system elapsed
R_K 4.113 0.714 5.898
Q1 3.515 0.052 5.132
Flavor: r-devel-linux-x86_64-debian-clang