Last updated on 2025-04-30 04:50:08 CEST.
Flavor | Version | Tinstall | Tcheck | Ttotal | Status | Flags |
---|---|---|---|---|---|---|
r-devel-linux-x86_64-debian-clang | 0.6.0 | 102.57 | 74.08 | 176.65 | OK | |
r-devel-linux-x86_64-debian-gcc | 0.6.0 | 72.73 | 56.14 | 128.87 | OK | |
r-devel-linux-x86_64-fedora-clang | 0.6.0 | 337.20 | OK | |||
r-devel-linux-x86_64-fedora-gcc | 0.6.0 | 389.07 | OK | |||
r-devel-windows-x86_64 | 0.6.0 | 114.00 | 102.00 | 216.00 | OK | |
r-patched-linux-x86_64 | 0.6.0 | 106.36 | 70.76 | 177.12 | OK | |
r-release-linux-x86_64 | 0.6.0 | 102.26 | 70.85 | 173.11 | OK | |
r-release-macos-arm64 | 0.6.0 | 90.00 | OK | |||
r-release-macos-x86_64 | 0.6.0 | 126.00 | OK | |||
r-release-windows-x86_64 | 0.6.0 | 117.00 | 103.00 | 220.00 | OK | |
r-oldrel-macos-arm64 | 0.6.0 | 79.00 | NOTE | |||
r-oldrel-macos-x86_64 | 0.6.0 | 120.00 | NOTE | |||
r-oldrel-windows-x86_64 | 0.6.0 | 130.00 | 132.00 | 262.00 | OK |
Version: 0.6.0
Check: installed package size
Result: NOTE
installed size is 7.9Mb
sub-directories of 1Mb or more:
libs 7.4Mb
Flavors: r-oldrel-macos-arm64, r-oldrel-macos-x86_64