CRAN Package Check Results for Package HSPOR

Last updated on 2025-04-30 04:50:08 CEST.

Flavor Version Tinstall Tcheck Ttotal Status Flags
r-devel-linux-x86_64-debian-clang 1.1.9 13.60 93.04 106.64 OK
r-devel-linux-x86_64-debian-gcc 1.1.9 10.42 63.93 74.35 OK
r-devel-linux-x86_64-fedora-clang 1.1.9 156.21 OK
r-devel-linux-x86_64-fedora-gcc 1.1.9 151.51 OK
r-devel-windows-x86_64 1.1.9 16.00 97.00 113.00 OK
r-patched-linux-x86_64 1.1.9 13.15 87.18 100.33 OK
r-release-linux-x86_64 1.1.9 13.72 88.29 102.01 OK
r-release-macos-arm64 1.1.9 46.00 OK
r-release-macos-x86_64 1.1.9 84.00 OK
r-release-windows-x86_64 1.1.9 15.00 97.00 112.00 OK
r-oldrel-macos-arm64 1.1.9 46.00 NOTE
r-oldrel-macos-x86_64 1.1.9 68.00 NOTE
r-oldrel-windows-x86_64 1.1.9 17.00 121.00 138.00 NOTE

Check Details

Version: 1.1.9
Check: LazyData
Result: NOTE 'LazyData' is specified without a 'data' directory Flavors: r-oldrel-macos-arm64, r-oldrel-macos-x86_64, r-oldrel-windows-x86_64