Last updated on 2025-04-30 04:50:08 CEST.
Flavor | Version | Tinstall | Tcheck | Ttotal | Status | Flags |
---|---|---|---|---|---|---|
r-devel-linux-x86_64-debian-clang | 2.0.11 | 5.71 | 46.74 | 52.45 | NOTE | |
r-devel-linux-x86_64-debian-gcc | 2.0.11 | 4.17 | 33.26 | 37.43 | NOTE | |
r-devel-linux-x86_64-fedora-clang | 2.0.11 | 89.92 | OK | |||
r-devel-linux-x86_64-fedora-gcc | 2.0.11 | 91.36 | OK | |||
r-devel-windows-x86_64 | 2.0.11 | 6.00 | 76.00 | 82.00 | OK | |
r-patched-linux-x86_64 | 2.0.11 | 5.85 | 43.68 | 49.53 | OK | |
r-release-linux-x86_64 | 2.0.11 | 5.52 | 44.01 | 49.53 | OK | |
r-release-macos-arm64 | 2.0.11 | 36.00 | OK | |||
r-release-macos-x86_64 | 2.0.11 | 53.00 | OK | |||
r-release-windows-x86_64 | 2.0.11 | 5.00 | 74.00 | 79.00 | OK | |
r-oldrel-macos-arm64 | 2.0.11 | 28.00 | OK | |||
r-oldrel-macos-x86_64 | 2.0.11 | 52.00 | OK | |||
r-oldrel-windows-x86_64 | 2.0.11 | 6.00 | 75.00 | 81.00 | OK |
Version: 2.0.11
Check: CRAN incoming feasibility
Result: NOTE
Maintainer: ‘Andrea Rau <andrea.rau@jouy.inra.fr>’
No Authors@R field in DESCRIPTION.
Please add one, modifying
Authors@R: c(person(given = "Andrea",
family = "Rau",
role = c("aut", "cre"),
email = "andrea.rau@jouy.inra.fr"),
person(given = "Gilles",
family = "Celeux",
role = "aut"),
person(given = "Marie-Laure",
family = "Martin-Magniette",
role = "aut"),
person(given = c("Cathy", "Maugis-"),
family = "Rabusseau",
role = "aut"))
as necessary.
Flavors: r-devel-linux-x86_64-debian-clang, r-devel-linux-x86_64-debian-gcc