Last updated on 2025-04-30 04:50:08 CEST.
Flavor | Version | Tinstall | Tcheck | Ttotal | Status | Flags |
---|---|---|---|---|---|---|
r-devel-linux-x86_64-debian-clang | 25.2.3 | 20.14 | 192.38 | 212.52 | NOTE | |
r-devel-linux-x86_64-debian-gcc | 25.2.3 | 12.47 | 124.82 | 137.29 | NOTE | |
r-devel-linux-x86_64-fedora-clang | 25.2.3 | 345.29 | OK | |||
r-devel-linux-x86_64-fedora-gcc | 25.2.3 | 312.37 | OK | |||
r-devel-windows-x86_64 | 25.2.3 | 20.00 | 180.00 | 200.00 | OK | |
r-patched-linux-x86_64 | 25.2.3 | 19.66 | 180.20 | 199.86 | OK | |
r-release-linux-x86_64 | 25.2.3 | 19.05 | 178.67 | 197.72 | OK | |
r-release-macos-arm64 | 25.2.3 | 80.00 | OK | |||
r-release-macos-x86_64 | 25.2.3 | 172.00 | OK | |||
r-release-windows-x86_64 | 25.2.3 | 22.00 | 176.00 | 198.00 | OK | |
r-oldrel-macos-arm64 | 25.2.3 | 85.00 | OK | |||
r-oldrel-macos-x86_64 | 25.2.3 | 167.00 | OK | |||
r-oldrel-windows-x86_64 | 25.2.3 | 25.00 | 242.00 | 267.00 | OK |
Version: 25.2.3
Check: examples
Result: NOTE
Examples with CPU (user + system) or elapsed time > 5s
user system elapsed
plotModelDiagnostics 8.937 0.168 12.640
clustHVT 8.031 0.884 11.632
msm 8.382 0.071 10.620
scoreLayeredHVT 7.217 0.033 9.783
plotAnimatedFlowmap 7.106 0.069 8.751
reconcileTransitionProbability 3.315 0.008 5.082
Flavor: r-devel-linux-x86_64-debian-clang
Version: 25.2.3
Check: examples
Result: NOTE
Examples with CPU (user + system) or elapsed time > 5s
user system elapsed
plotModelDiagnostics 5.855 0.153 8.473
clustHVT 5.031 0.464 8.019
msm 4.898 0.142 6.908
plotAnimatedFlowmap 4.256 0.144 5.496
scoreLayeredHVT 3.997 0.029 5.819
Flavor: r-devel-linux-x86_64-debian-gcc