Last updated on 2025-04-30 04:50:07 CEST.
Flavor | Version | Tinstall | Tcheck | Ttotal | Status | Flags |
---|---|---|---|---|---|---|
r-devel-linux-x86_64-debian-clang | 0.90.0 | 6.66 | 60.25 | 66.91 | NOTE | |
r-devel-linux-x86_64-debian-gcc | 0.90.0 | 4.20 | 42.73 | 46.93 | NOTE | |
r-devel-linux-x86_64-fedora-clang | 0.90.0 | 105.55 | OK | |||
r-devel-linux-x86_64-fedora-gcc | 0.90.0 | 100.42 | OK | |||
r-devel-windows-x86_64 | 0.90.0 | 10.00 | 74.00 | 84.00 | OK | |
r-patched-linux-x86_64 | 0.90.0 | 6.20 | 56.93 | 63.13 | OK | |
r-release-linux-x86_64 | 0.90.0 | 6.07 | 56.31 | 62.38 | OK | |
r-release-macos-arm64 | 0.90.0 | 34.00 | OK | |||
r-release-macos-x86_64 | 0.90.0 | 53.00 | OK | |||
r-release-windows-x86_64 | 0.90.0 | 9.00 | 73.00 | 82.00 | OK | |
r-oldrel-macos-arm64 | 0.90.0 | 33.00 | OK | |||
r-oldrel-macos-x86_64 | 0.90.0 | 51.00 | OK | |||
r-oldrel-windows-x86_64 | 0.90.0 | 11.00 | 87.00 | 98.00 | OK |
Version: 0.90.0
Check: CRAN incoming feasibility
Result: NOTE
Maintainer: ‘Konrad Krahl <Beratung@Hanseatic-Statistics.de>’
The BugReports field in DESCRIPTION has
https://github.com/KonradKrahl/HanStat
which should likely be
https://github.com/KonradKrahl/HanStat/issues
instead.
Flavors: r-devel-linux-x86_64-debian-clang, r-devel-linux-x86_64-debian-gcc
Version: 0.90.0
Check: examples
Result: NOTE
Examples with CPU (user + system) or elapsed time > 5s
user system elapsed
LinReg 3.901 0.189 5.157
Flavor: r-devel-linux-x86_64-debian-clang