CRAN Package Check Results for Package Haplin

Last updated on 2025-04-30 04:50:07 CEST.

Flavor Version Tinstall Tcheck Ttotal Status Flags
r-devel-linux-x86_64-debian-clang 7.3.2 24.16 371.76 395.92 OK
r-devel-linux-x86_64-debian-gcc 7.3.2 14.61 238.94 253.55 OK
r-devel-linux-x86_64-fedora-clang 7.3.2 617.47 OK
r-devel-linux-x86_64-fedora-gcc 7.3.2 621.36 OK
r-devel-windows-x86_64 7.3.2 27.00 408.00 435.00 OK
r-patched-linux-x86_64 7.3.2 22.78 357.33 380.11 OK
r-release-linux-x86_64 7.3.2 18.09 355.53 373.62 OK
r-release-macos-arm64 7.3.2 193.00 OK
r-release-macos-x86_64 7.3.2 337.00 OK
r-release-windows-x86_64 7.3.2 27.00 417.00 444.00 OK
r-oldrel-macos-arm64 7.3.2 176.00 NOTE
r-oldrel-macos-x86_64 7.3.2 529.00 NOTE
r-oldrel-windows-x86_64 7.3.2 33.00 531.00 564.00 OK

Check Details

Version: 7.3.2
Check: package dependencies
Result: NOTE Package suggested but not available for checking: ‘Rmpi’ Flavors: r-oldrel-macos-arm64, r-oldrel-macos-x86_64