Last updated on 2025-04-30 04:50:07 CEST.
Flavor | Version | Tinstall | Tcheck | Ttotal | Status | Flags |
---|---|---|---|---|---|---|
r-devel-linux-x86_64-debian-clang | 1.0.4 | 16.18 | 338.97 | 355.15 | NOTE | |
r-devel-linux-x86_64-debian-gcc | 1.0.4 | 12.62 | 263.76 | 276.38 | NOTE | |
r-devel-linux-x86_64-fedora-clang | 1.0.4 | 530.03 | OK | |||
r-devel-linux-x86_64-fedora-gcc | 1.0.4 | 542.34 | OK | |||
r-devel-windows-x86_64 | 1.0.4 | 16.00 | 340.00 | 356.00 | OK | |
r-patched-linux-x86_64 | 1.0.4 | 16.07 | 324.92 | 340.99 | OK | |
r-release-linux-x86_64 | 1.0.4 | 15.82 | 320.93 | 336.75 | OK | |
r-release-macos-arm64 | 1.0.4 | 197.00 | OK | |||
r-release-macos-x86_64 | 1.0.4 | 367.00 | OK | |||
r-release-windows-x86_64 | 1.0.4 | 16.00 | 338.00 | 354.00 | OK | |
r-oldrel-macos-arm64 | 1.0.4 | 204.00 | OK | |||
r-oldrel-macos-x86_64 | 1.0.4 | 306.00 | OK | |||
r-oldrel-windows-x86_64 | 1.0.4 | 22.00 | 418.00 | 440.00 | OK |
Version: 1.0.4
Check: examples
Result: NOTE
Examples with CPU (user + system) or elapsed time > 5s
user system elapsed
locus_pred 5.754 0.205 7.228
locus_train 5.394 0.122 6.860
Flavor: r-devel-linux-x86_64-debian-clang
Version: 1.0.4
Check: examples
Result: NOTE
Examples with CPU (user + system) or elapsed time > 5s
user system elapsed
locus_pred 7.207 0.814 10.763
locus_train 6.334 0.299 8.818
Flavor: r-devel-linux-x86_64-debian-gcc