Last updated on 2025-04-30 04:50:08 CEST.
Flavor | Version | Tinstall | Tcheck | Ttotal | Status | Flags |
---|---|---|---|---|---|---|
r-devel-linux-x86_64-debian-clang | 1.3 | 5.64 | 33.10 | 38.74 | NOTE | |
r-devel-linux-x86_64-debian-gcc | 1.3 | 4.07 | 25.64 | 29.71 | NOTE | |
r-devel-linux-x86_64-fedora-clang | 1.3 | 59.37 | OK | |||
r-devel-linux-x86_64-fedora-gcc | 1.3 | 58.97 | OK | |||
r-devel-windows-x86_64 | 1.3 | 9.00 | 61.00 | 70.00 | OK | |
r-patched-linux-x86_64 | 1.3 | 5.80 | 31.74 | 37.54 | OK | |
r-release-linux-x86_64 | 1.3 | 5.17 | 31.53 | 36.70 | OK | |
r-release-macos-arm64 | 1.3 | 23.00 | OK | |||
r-release-macos-x86_64 | 1.3 | 40.00 | OK | |||
r-release-windows-x86_64 | 1.3 | 10.00 | 59.00 | 69.00 | OK | |
r-oldrel-macos-arm64 | 1.3 | 23.00 | OK | |||
r-oldrel-macos-x86_64 | 1.3 | 34.00 | OK | |||
r-oldrel-windows-x86_64 | 1.3 | 8.00 | 61.00 | 69.00 | OK |
Version: 1.3
Check: CRAN incoming feasibility
Result: NOTE
Maintainer: ‘Pierre Lafaye De Micheaux <lafaye@unsw.edu.au>’
Package CITATION file contains call(s) to old-style personList() or
as.personList(). Please use c() on person objects instead.
Package CITATION file contains call(s) to old-style citEntry(). Please
use bibentry() instead.
The Description field contains
Geenens and Lafaye De Micheaux (2019) <arXiv:1810.10276v4>.
Please refer to arXiv e-prints via their arXiv DOI <doi:10.48550/arXiv.YYMM.NNNNN>.
Flavors: r-devel-linux-x86_64-debian-clang, r-devel-linux-x86_64-debian-gcc