CRAN Package Check Results for Package HeritSeq

Last updated on 2025-04-30 04:50:08 CEST.

Flavor Version Tinstall Tcheck Ttotal Status Flags
r-devel-linux-x86_64-debian-clang 1.0.2 36.96 286.17 323.13 NOTE
r-devel-linux-x86_64-debian-gcc 1.0.2 23.94 194.67 218.61 NOTE
r-devel-linux-x86_64-fedora-clang 1.0.2 534.34 OK
r-devel-linux-x86_64-fedora-gcc 1.0.2 461.04 OK
r-devel-windows-x86_64 1.0.2 35.00 241.00 276.00 OK
r-patched-linux-x86_64 1.0.2 37.00 265.23 302.23 OK
r-release-linux-x86_64 1.0.2 33.52 265.87 299.39 OK
r-release-macos-arm64 1.0.2 130.00 OK
r-release-macos-x86_64 1.0.2 233.00 OK
r-release-windows-x86_64 1.0.2 37.00 235.00 272.00 OK
r-oldrel-macos-arm64 1.0.2 121.00 OK
r-oldrel-macos-x86_64 1.0.2 179.00 OK
r-oldrel-windows-x86_64 1.0.2 42.00 316.00 358.00 OK

Check Details

Version: 1.0.2
Check: CRAN incoming feasibility
Result: NOTE Maintainer: ‘W. Jenny Shi <wjennyshi@gmail.com>’ No Authors@R field in DESCRIPTION. Please add one, modifying Authors@R: c(person(given = c("W.", "Jenny"), family = "Shi", role = c("aut", "cre"), email = "wjennyshi@gmail.com"), person(given = "Pamela", family = "Russell", role = "aut"), person(given = "Pratyaydipta", family = "Rudra", role = c("aut", "cre")), person(given = "Brian", family = "Vestal", role = c("aut", "cre")), person(given = "Katerina", family = "Kechris", role = "aut"), person(given = "Laura", family = "Saba", role = "aut")) as necessary. Flavors: r-devel-linux-x86_64-debian-clang, r-devel-linux-x86_64-debian-gcc