Last updated on 2025-04-30 04:50:08 CEST.
Flavor | Version | Tinstall | Tcheck | Ttotal | Status | Flags |
---|---|---|---|---|---|---|
r-devel-linux-x86_64-debian-clang | 1.1.1 | 30.70 | 32.37 | 63.07 | NOTE | |
r-devel-linux-x86_64-debian-gcc | 1.1.1 | 21.77 | 24.22 | 45.99 | OK | |
r-devel-linux-x86_64-fedora-clang | 1.1.1 | 102.30 | OK | |||
r-devel-linux-x86_64-fedora-gcc | 1.1.1 | 108.79 | OK | |||
r-devel-windows-x86_64 | 1.1.1 | 36.00 | 70.00 | 106.00 | OK | |
r-patched-linux-x86_64 | 1.1.1 | 29.28 | 30.14 | 59.42 | OK | |
r-release-linux-x86_64 | 1.1.1 | 29.53 | 30.05 | 59.58 | OK | |
r-release-macos-arm64 | 1.1.1 | 31.00 | OK | |||
r-release-macos-x86_64 | 1.1.1 | 54.00 | OK | |||
r-release-windows-x86_64 | 1.1.1 | 35.00 | 72.00 | 107.00 | OK | |
r-oldrel-macos-arm64 | 1.1.1 | 33.00 | OK | |||
r-oldrel-macos-x86_64 | 1.1.1 | 71.00 | OK | |||
r-oldrel-windows-x86_64 | 1.1.1 | 38.00 | 85.00 | 123.00 | OK |
Version: 1.1.1
Check: examples
Result: NOTE
Examples with CPU (user + system) or elapsed time > 5s
user system elapsed
HiGarrote 4.023 0.217 6.433
Flavor: r-devel-linux-x86_64-debian-clang