Last updated on 2025-04-30 04:50:08 CEST.
Flavor | Version | Tinstall | Tcheck | Ttotal | Status | Flags |
---|---|---|---|---|---|---|
r-devel-linux-x86_64-debian-clang | 1.8-14 | 6.60 | 58.61 | 65.21 | NOTE | |
r-devel-linux-x86_64-debian-gcc | 1.8-14 | 4.30 | 38.15 | 42.45 | OK | |
r-devel-linux-x86_64-fedora-clang | 1.8-14 | 99.99 | OK | |||
r-devel-linux-x86_64-fedora-gcc | 1.8-14 | 98.82 | OK | |||
r-devel-windows-x86_64 | 1.8-14 | 9.00 | 82.00 | 91.00 | OK | |
r-patched-linux-x86_64 | 1.8-14 | 6.72 | 55.23 | 61.95 | OK | |
r-release-linux-x86_64 | 1.8-14 | 5.99 | 55.79 | 61.78 | OK | |
r-release-macos-arm64 | 1.8-14 | 29.00 | OK | |||
r-release-macos-x86_64 | 1.8-14 | 53.00 | OK | |||
r-release-windows-x86_64 | 1.8-14 | 11.00 | 82.00 | 93.00 | OK | |
r-oldrel-macos-arm64 | 1.8-14 | 49.00 | OK | |||
r-oldrel-macos-x86_64 | 1.8-14 | 84.00 | OK | |||
r-oldrel-windows-x86_64 | 1.8-14 | 17.00 | 84.00 | 101.00 | OK |
Version: 1.8-14
Check: examples
Result: NOTE
Examples with CPU (user + system) or elapsed time > 5s
user system elapsed
mmglm 4.186 0.008 5.019
Flavor: r-devel-linux-x86_64-debian-clang