Last updated on 2025-04-29 04:50:05 CEST.
Flavor | Version | Tinstall | Tcheck | Ttotal | Status | Flags |
---|---|---|---|---|---|---|
r-devel-linux-x86_64-debian-clang | 0.2.0 | 2.04 | 27.61 | 29.65 | OK | |
r-devel-linux-x86_64-debian-gcc | 0.2.0 | 2.01 | 22.47 | 24.48 | NOTE | |
r-devel-linux-x86_64-fedora-clang | 0.2.0 | 48.47 | OK | |||
r-devel-linux-x86_64-fedora-gcc | 0.2.0 | 60.00 | OK | |||
r-devel-windows-x86_64 | 0.2.0 | 4.00 | 51.00 | 55.00 | OK | |
r-patched-linux-x86_64 | 0.2.0 | 2.51 | 26.97 | 29.48 | OK | |
r-release-linux-x86_64 | 0.2.0 | 2.42 | 26.67 | 29.09 | OK | |
r-release-macos-arm64 | 0.2.0 | 24.00 | OK | |||
r-release-macos-x86_64 | 0.2.0 | 40.00 | OK | |||
r-release-windows-x86_64 | 0.2.0 | 3.00 | 56.00 | 59.00 | OK | |
r-oldrel-macos-arm64 | 0.2.0 | 23.00 | OK | |||
r-oldrel-macos-x86_64 | 0.2.0 | 35.00 | OK | |||
r-oldrel-windows-x86_64 | 0.2.0 | 4.00 | 57.00 | 61.00 | OK |
Version: 0.2.0
Check: CRAN incoming feasibility
Result: NOTE
Maintainer: ‘Michael Milton <michael.r.milton@gmail.com>’
No Authors@R field in DESCRIPTION.
Please add one, modifying
Authors@R: person(given = "Michael",
family = "Milton",
role = c("aut", "cre"),
email = "michael.r.milton@gmail.com")
as necessary.
Flavor: r-devel-linux-x86_64-debian-gcc