Last updated on 2025-02-21 03:52:14 CET.
Flavor | Version | Tinstall | Tcheck | Ttotal | Status | Flags |
---|---|---|---|---|---|---|
r-devel-linux-x86_64-debian-clang | 3.0-13 | 21.52 | 163.02 | 184.54 | NOTE | |
r-devel-linux-x86_64-debian-gcc | 3.0-13 | 14.13 | 109.79 | 123.92 | NOTE | |
r-devel-linux-x86_64-fedora-clang | 3.0-13 | 302.85 | NOTE | |||
r-devel-linux-x86_64-fedora-gcc | 3.0-13 | 294.92 | NOTE | |||
r-devel-macos-arm64 | 3.0-13 | 68.00 | NOTE | |||
r-devel-macos-x86_64 | 3.0-13 | 173.00 | NOTE | |||
r-devel-windows-x86_64 | 3.0-13 | 22.00 | 151.00 | 173.00 | NOTE | |
r-patched-linux-x86_64 | 3.0-13 | 24.05 | 147.55 | 171.60 | NOTE | |
r-release-linux-x86_64 | 3.0-13 | 19.03 | 148.18 | 167.21 | NOTE | |
r-release-macos-arm64 | 3.0-13 | 73.00 | NOTE | |||
r-release-macos-x86_64 | 3.0-13 | 118.00 | NOTE | |||
r-release-windows-x86_64 | 3.0-13 | 23.00 | 147.00 | 170.00 | NOTE | |
r-oldrel-macos-arm64 | 3.0-13 | 82.00 | OK | |||
r-oldrel-macos-x86_64 | 3.0-13 | 141.00 | OK | |||
r-oldrel-windows-x86_64 | 3.0-13 | 30.00 | 204.00 | 234.00 | OK |
Version: 3.0-13
Check: Rd files
Result: NOTE
checkRd: (-1) sampleMcmc.Rd:93: Lost braces; missing escapes or markup?
93 | disable some of them, by adding a \code{$UPDATER_NAME=FALSE} pair to the {updater} argument. Another usage of
| ^
Flavors: r-devel-linux-x86_64-debian-clang, r-devel-linux-x86_64-debian-gcc, r-devel-linux-x86_64-fedora-clang, r-devel-linux-x86_64-fedora-gcc, r-devel-macos-arm64, r-devel-macos-x86_64, r-devel-windows-x86_64, r-patched-linux-x86_64, r-release-linux-x86_64, r-release-macos-arm64, r-release-macos-x86_64, r-release-windows-x86_64
Version: 3.0-13
Check: Rd cross-references
Result: NOTE
Found the following Rd file(s) with Rd \link{} targets missing package
anchors:
plotBeta.Rd: image.plot
plotGamma.Rd: image.plot
Please provide package anchors for all Rd \link{} targets not in the
package itself and the base packages.
Flavors: r-devel-linux-x86_64-debian-clang, r-devel-linux-x86_64-debian-gcc, r-devel-windows-x86_64