CRAN Package Check Results for Package Holomics

Last updated on 2025-04-30 04:50:08 CEST.

Flavor Version Tinstall Tcheck Ttotal Status Flags
r-devel-linux-x86_64-debian-clang 1.1.1 9.90 63.86 73.76 OK
r-devel-linux-x86_64-debian-gcc 1.1.1 6.40 44.88 51.28 OK
r-devel-linux-x86_64-fedora-clang 1.1.1 128.24 NOTE
r-devel-linux-x86_64-fedora-gcc 1.1.1 123.66 NOTE
r-devel-windows-x86_64 1.1.1 12.00 78.00 90.00 OK
r-patched-linux-x86_64 1.1.1 9.38 60.55 69.93 OK
r-release-linux-x86_64 1.1.1 9.73 60.17 69.90 OK
r-release-macos-arm64 1.1.1 42.00 OK
r-release-macos-x86_64 1.1.1 80.00 OK
r-release-windows-x86_64 1.1.1 12.00 74.00 86.00 OK
r-oldrel-macos-arm64 1.1.1 41.00 NOTE
r-oldrel-macos-x86_64 1.1.1 105.00 NOTE
r-oldrel-windows-x86_64 1.1.1 17.00 92.00 109.00 NOTE

Check Details

Version: 1.1.1
Check: dependencies in R code
Result: NOTE Namespaces in Imports field not imported from: ‘RSpectra’ ‘ggrepel’ ‘markdown’ ‘matrixStats’ ‘reshape2’ ‘tidyr’ ‘uuid’ All declared Imports should be used. Flavors: r-devel-linux-x86_64-fedora-clang, r-devel-linux-x86_64-fedora-gcc

Version: 1.1.1
Check: installed package size
Result: NOTE installed size is 5.2Mb sub-directories of 1Mb or more: app 1.7Mb doc 3.3Mb Flavors: r-oldrel-macos-arm64, r-oldrel-macos-x86_64, r-oldrel-windows-x86_64