Last updated on 2025-04-30 04:50:08 CEST.
Flavor | Version | Tinstall | Tcheck | Ttotal | Status | Flags |
---|---|---|---|---|---|---|
r-devel-linux-x86_64-debian-clang | 1.0-8 | 1.97 | 35.63 | 37.60 | NOTE | |
r-devel-linux-x86_64-debian-gcc | 1.0-8 | 1.62 | 24.93 | 26.55 | OK | |
r-devel-linux-x86_64-fedora-clang | 1.0-8 | 58.44 | OK | |||
r-devel-linux-x86_64-fedora-gcc | 1.0-8 | 56.39 | OK | |||
r-devel-windows-x86_64 | 1.0-8 | 3.00 | 54.00 | 57.00 | OK | |
r-patched-linux-x86_64 | 1.0-8 | 2.06 | 34.23 | 36.29 | OK | |
r-release-linux-x86_64 | 1.0-8 | 2.04 | 33.72 | 35.76 | OK | |
r-release-macos-arm64 | 1.0-8 | 21.00 | OK | |||
r-release-macos-x86_64 | 1.0-8 | 53.00 | OK | |||
r-release-windows-x86_64 | 1.0-8 | 4.00 | 54.00 | 58.00 | OK | |
r-oldrel-macos-arm64 | 1.0-8 | 24.00 | OK | |||
r-oldrel-macos-x86_64 | 1.0-8 | 30.00 | OK | |||
r-oldrel-windows-x86_64 | 1.0-8 | 3.00 | 53.00 | 56.00 | OK |
Version: 1.0-8
Check: examples
Result: NOTE
Examples with CPU (user + system) or elapsed time > 5s
user system elapsed
plot.hotelling.test 5.358 0.000 6.815
print.hotelling.test 5.079 0.004 6.963
hotelling.test 4.331 0.084 5.387
Flavor: r-devel-linux-x86_64-debian-clang