Last updated on 2025-02-21 03:52:14 CET.
Flavor | Version | Tinstall | Tcheck | Ttotal | Status | Flags |
---|---|---|---|---|---|---|
r-devel-linux-x86_64-debian-clang | 1.2.0 | 8.33 | 96.32 | 104.65 | OK | |
r-devel-linux-x86_64-debian-gcc | 1.2.0 | 6.28 | 69.46 | 75.74 | OK | |
r-devel-linux-x86_64-fedora-clang | 1.2.0 | 174.10 | OK | |||
r-devel-linux-x86_64-fedora-gcc | 1.2.0 | 182.33 | OK | |||
r-devel-macos-arm64 | 1.2.0 | 65.00 | OK | |||
r-devel-macos-x86_64 | 1.2.0 | 104.00 | OK | |||
r-devel-windows-x86_64 | 1.2.0 | 13.00 | 106.00 | 119.00 | OK | |
r-patched-linux-x86_64 | 1.2.0 | 8.39 | 90.21 | 98.60 | OK | |
r-release-linux-x86_64 | 1.2.0 | 6.88 | 89.21 | 96.09 | OK | |
r-release-macos-arm64 | 1.2.0 | 61.00 | OK | |||
r-release-macos-x86_64 | 1.2.0 | 164.00 | NOTE | |||
r-release-windows-x86_64 | 1.2.0 | 14.00 | 105.00 | 119.00 | OK | |
r-oldrel-macos-arm64 | 1.2.0 | 102.00 | OK | |||
r-oldrel-macos-x86_64 | 1.2.0 | 129.00 | NOTE | |||
r-oldrel-windows-x86_64 | 1.2.0 | 16.00 | 123.00 | 139.00 | OK |
Version: 1.2.0
Check: installed package size
Result: NOTE
installed size is 5.7Mb
sub-directories of 1Mb or more:
data 3.1Mb
help 2.0Mb
Flavors: r-release-macos-x86_64, r-oldrel-macos-x86_64