Last updated on 2025-04-30 04:50:08 CEST.
Flavor | Version | Tinstall | Tcheck | Ttotal | Status | Flags |
---|---|---|---|---|---|---|
r-devel-linux-x86_64-debian-clang | 1.2.0 | 8.59 | 104.38 | 112.97 | OK | |
r-devel-linux-x86_64-debian-gcc | 1.2.0 | 6.51 | 74.78 | 81.29 | OK | |
r-devel-linux-x86_64-fedora-clang | 1.2.0 | 165.81 | OK | |||
r-devel-linux-x86_64-fedora-gcc | 1.2.0 | 176.89 | OK | |||
r-devel-windows-x86_64 | 1.2.0 | 13.00 | 112.00 | 125.00 | OK | |
r-patched-linux-x86_64 | 1.2.0 | 8.16 | 94.85 | 103.01 | OK | |
r-release-linux-x86_64 | 1.2.0 | 7.71 | 96.51 | 104.22 | OK | |
r-release-macos-arm64 | 1.2.0 | 58.00 | OK | |||
r-release-macos-x86_64 | 1.2.0 | 104.00 | OK | |||
r-release-windows-x86_64 | 1.2.0 | 15.00 | 110.00 | 125.00 | OK | |
r-oldrel-macos-arm64 | 1.2.0 | 61.00 | OK | |||
r-oldrel-macos-x86_64 | 1.2.0 | 164.00 | NOTE | |||
r-oldrel-windows-x86_64 | 1.2.0 | 16.00 | 136.00 | 152.00 | OK |
Version: 1.2.0
Check: installed package size
Result: NOTE
installed size is 5.7Mb
sub-directories of 1Mb or more:
data 3.1Mb
help 2.0Mb
Flavor: r-oldrel-macos-x86_64