CRAN Package Check Results for Package HyRiM

Last updated on 2025-04-30 04:50:08 CEST.

Flavor Version Tinstall Tcheck Ttotal Status Flags
r-devel-linux-x86_64-debian-clang 2.0.2 5.82 48.57 54.39 NOTE
r-devel-linux-x86_64-debian-gcc 2.0.2 4.22 36.80 41.02 NOTE
r-devel-linux-x86_64-fedora-clang 2.0.2 85.35 OK
r-devel-linux-x86_64-fedora-gcc 2.0.2 94.49 OK
r-devel-windows-x86_64 2.0.2 6.00 77.00 83.00 OK
r-patched-linux-x86_64 2.0.2 5.78 47.00 52.78 OK
r-release-linux-x86_64 2.0.2 5.19 46.85 52.04 OK
r-release-macos-arm64 2.0.2 39.00 OK
r-release-macos-x86_64 2.0.2 64.00 OK
r-release-windows-x86_64 2.0.2 6.00 83.00 89.00 OK
r-oldrel-macos-arm64 2.0.2 33.00 OK
r-oldrel-macos-x86_64 2.0.2 45.00 OK
r-oldrel-windows-x86_64 2.0.2 9.00 85.00 94.00 OK

Check Details

Version: 2.0.2
Check: CRAN incoming feasibility
Result: NOTE Maintainer: ‘"Stefan Rass, on behalf of the Austrian Institute of Technology" <stefan.rass@jku.at>’ No Authors@R field in DESCRIPTION. Please add one, modifying Authors@R: c(person(given = "Stefan", family = "Rass", role = "aut"), person(given = "Sandra", family = "Koenig", role = "aut"), person(given = "Ali", family = "Alshawish", role = "aut"), person(given = "\"Stefan", family = "Rass", role = "cre"), person(given = c("on", "behalf", "of", "the", "Austrian", "Institute", "of"), family = "Technology\"", role = "cre", email = "stefan.rass@jku.at")) as necessary. Flavors: r-devel-linux-x86_64-debian-clang, r-devel-linux-x86_64-debian-gcc