Last updated on 2025-04-30 04:50:08 CEST.
Flavor | Version | Tinstall | Tcheck | Ttotal | Status | Flags |
---|---|---|---|---|---|---|
r-devel-linux-x86_64-debian-clang | 1.1.0 | 4.37 | 60.95 | 65.32 | NOTE | |
r-devel-linux-x86_64-debian-gcc | 1.1.0 | 3.04 | 38.98 | 42.02 | NOTE | |
r-devel-linux-x86_64-fedora-clang | 1.1.0 | 102.12 | OK | |||
r-devel-linux-x86_64-fedora-gcc | 1.1.0 | 97.28 | OK | |||
r-devel-windows-x86_64 | 1.1.0 | 6.00 | 72.00 | 78.00 | OK | |
r-patched-linux-x86_64 | 1.1.0 | 5.22 | 55.06 | 60.28 | OK | |
r-release-linux-x86_64 | 1.1.0 | 3.63 | 54.32 | 57.95 | OK | |
r-release-macos-arm64 | 1.1.0 | 25.00 | OK | |||
r-release-macos-x86_64 | 1.1.0 | 51.00 | OK | |||
r-release-windows-x86_64 | 1.1.0 | 5.00 | 75.00 | 80.00 | OK | |
r-oldrel-macos-arm64 | 1.1.0 | 30.00 | OK | |||
r-oldrel-macos-x86_64 | 1.1.0 | 82.00 | OK | |||
r-oldrel-windows-x86_64 | 1.1.0 | 5.00 | 87.00 | 92.00 | OK |
Version: 1.1.0
Check: examples
Result: NOTE
Examples with CPU (user + system) or elapsed time > 5s
user system elapsed
HBay_Plot 7.236 0.014 10.467
GetEstimate_HBay 7.223 0.004 9.016
Hydro3_HBay 6.791 0.005 8.410
Flavor: r-devel-linux-x86_64-debian-clang
Version: 1.1.0
Check: examples
Result: NOTE
Examples with CPU (user + system) or elapsed time > 5s
user system elapsed
Hydro3_HBay 4.164 0.008 5.254
GetEstimate_HBay 3.765 0.002 5.282
Flavor: r-devel-linux-x86_64-debian-gcc