Last updated on 2025-04-30 04:50:08 CEST.
Flavor | Version | Tinstall | Tcheck | Ttotal | Status | Flags |
---|---|---|---|---|---|---|
r-devel-linux-x86_64-debian-clang | 1.0.0 | 9.01 | 81.29 | 90.30 | NOTE | |
r-devel-linux-x86_64-debian-gcc | 1.0.0 | 7.14 | 58.10 | 65.24 | NOTE | |
r-devel-linux-x86_64-fedora-clang | 1.0.0 | 139.89 | OK | |||
r-devel-linux-x86_64-fedora-gcc | 1.0.0 | 129.89 | OK | |||
r-devel-windows-x86_64 | 1.0.0 | 10.00 | 100.00 | 110.00 | OK | |
r-patched-linux-x86_64 | 1.0.0 | 9.23 | 76.63 | 85.86 | OK | |
r-release-linux-x86_64 | 1.0.0 | 9.03 | 75.34 | 84.37 | OK | |
r-release-macos-arm64 | 1.0.0 | 40.00 | OK | |||
r-release-macos-x86_64 | 1.0.0 | 66.00 | OK | |||
r-release-windows-x86_64 | 1.0.0 | 11.00 | 101.00 | 112.00 | OK | |
r-oldrel-macos-arm64 | 1.0.0 | 37.00 | OK | |||
r-oldrel-macos-x86_64 | 1.0.0 | 56.00 | OK | |||
r-oldrel-windows-x86_64 | 1.0.0 | 14.00 | 125.00 | 139.00 | OK |
Version: 1.0.0
Check: CRAN incoming feasibility
Result: NOTE
Maintainer: ‘David J. Marchette <dmarchette@gmail.com>’
No Authors@R field in DESCRIPTION.
Please add one, modifying
Authors@R: person(given = c("David", "J."),
family = "Marchette",
role = c("aut", "cre"),
email = "dmarchette@gmail.com")
as necessary.
Flavors: r-devel-linux-x86_64-debian-clang, r-devel-linux-x86_64-debian-gcc
Version: 1.0.0
Check: examples
Result: NOTE
Examples with CPU (user + system) or elapsed time > 5s
user system elapsed
cluster_spectral 4.365 0.023 5.642
Flavor: r-devel-linux-x86_64-debian-clang