Last updated on 2025-04-30 04:50:08 CEST.
Flavor | Version | Tinstall | Tcheck | Ttotal | Status | Flags |
---|---|---|---|---|---|---|
r-devel-linux-x86_64-debian-clang | 0.2.8 | 13.77 | 109.64 | 123.41 | NOTE | |
r-devel-linux-x86_64-debian-gcc | 0.2.8 | 9.89 | 78.98 | 88.87 | OK | |
r-devel-linux-x86_64-fedora-clang | 0.2.8 | 175.31 | OK | |||
r-devel-linux-x86_64-fedora-gcc | 0.2.8 | 162.02 | OK | |||
r-devel-windows-x86_64 | 0.2.8 | 14.00 | 107.00 | 121.00 | OK | |
r-patched-linux-x86_64 | 0.2.8 | 13.48 | 101.08 | 114.56 | OK | |
r-release-linux-x86_64 | 0.2.8 | 12.94 | 99.83 | 112.77 | OK | |
r-release-macos-arm64 | 0.2.8 | 51.00 | OK | |||
r-release-macos-x86_64 | 0.2.8 | 106.00 | OK | |||
r-release-windows-x86_64 | 0.2.8 | 13.00 | 106.00 | 119.00 | OK | |
r-oldrel-macos-arm64 | 0.2.8 | 51.00 | OK | |||
r-oldrel-macos-x86_64 | 0.2.8 | 108.00 | OK | |||
r-oldrel-windows-x86_64 | 0.2.8 | 19.00 | 138.00 | 157.00 | OK |
Version: 0.2.8
Check: examples
Result: NOTE
Examples with CPU (user + system) or elapsed time > 5s
user system elapsed
TestRetest 3.677 0.034 5.147
SplitHalf 3.649 0.042 5.644
Flavor: r-devel-linux-x86_64-debian-clang