CRAN Package Check Results for Package IAcsSPCR

Last updated on 2025-04-30 04:50:08 CEST.

Flavor Version Tinstall Tcheck Ttotal Status Flags
r-devel-linux-x86_64-debian-clang 1.2.1 4.12 33.53 37.65 NOTE
r-devel-linux-x86_64-debian-gcc 1.2.1 3.03 26.42 29.45 NOTE
r-devel-linux-x86_64-fedora-clang 1.2.1 64.21 OK
r-devel-linux-x86_64-fedora-gcc 1.2.1 56.47 OK
r-devel-windows-x86_64 1.2.1 6.00 60.00 66.00 OK
r-patched-linux-x86_64 1.2.1 4.11 32.58 36.69 OK
r-release-linux-x86_64 1.2.1 4.16 32.51 36.67 OK
r-release-macos-arm64 1.2.1 23.00 OK
r-release-macos-x86_64 1.2.1 33.00 OK
r-release-windows-x86_64 1.2.1 6.00 59.00 65.00 OK
r-oldrel-macos-arm64 1.2.1 22.00 OK
r-oldrel-macos-x86_64 1.2.1 30.00 OK
r-oldrel-windows-x86_64 1.2.1 7.00 61.00 68.00 OK

Check Details

Version: 1.2.1
Check: CRAN incoming feasibility
Result: NOTE Maintainer: ‘John Lawson <lawsonjsl7net@gmail.com>’ No Authors@R field in DESCRIPTION. Please add one, modifying Authors@R: person(given = "John", family = "Lawson", role = c("aut", "cre"), email = "lawsonjsl7net@gmail.com") as necessary. Flavors: r-devel-linux-x86_64-debian-clang, r-devel-linux-x86_64-debian-gcc