CRAN Package Check Results for Package ICC

Last updated on 2025-04-30 04:50:08 CEST.

Flavor Version Tinstall Tcheck Ttotal Status Flags
r-devel-linux-x86_64-debian-clang 2.4.0 2.29 19.14 21.43 NOTE
r-devel-linux-x86_64-debian-gcc 2.4.0 1.60 15.45 17.05 NOTE
r-devel-linux-x86_64-fedora-clang 2.4.0 32.97 OK
r-devel-linux-x86_64-fedora-gcc 2.4.0 31.75 OK
r-devel-windows-x86_64 2.4.0 3.00 36.00 39.00 OK
r-patched-linux-x86_64 2.4.0 2.23 18.24 20.47 OK
r-release-linux-x86_64 2.4.0 2.13 18.33 20.46 OK
r-release-macos-arm64 2.4.0 16.00 OK
r-release-macos-x86_64 2.4.0 23.00 OK
r-release-windows-x86_64 2.4.0 3.00 36.00 39.00 OK
r-oldrel-macos-arm64 2.4.0 20.00 OK
r-oldrel-macos-x86_64 2.4.0 29.00 OK
r-oldrel-windows-x86_64 2.4.0 3.00 36.00 39.00 OK

Check Details

Version: 2.4.0
Check: CRAN incoming feasibility
Result: NOTE Maintainer: ‘Matthew Wolak <matthewwolak@gmail.com>’ Package CITATION file contains call(s) to old-style personList() or as.personList(). Please use c() on person objects instead. Package CITATION file contains call(s) to old-style citEntry(). Please use bibentry() instead. Flavors: r-devel-linux-x86_64-debian-clang, r-devel-linux-x86_64-debian-gcc