CRAN Package Check Results for Package ICCbin

Last updated on 2025-04-30 04:50:08 CEST.

Flavor Version Tinstall Tcheck Ttotal Status Flags
r-devel-linux-x86_64-debian-clang 1.1.1 2.46 27.90 30.36 NOTE
r-devel-linux-x86_64-debian-gcc 1.1.1 1.91 20.99 22.90 OK
r-devel-linux-x86_64-fedora-clang 1.1.1 48.00 OK
r-devel-linux-x86_64-fedora-gcc 1.1.1 45.55 OK
r-devel-windows-x86_64 1.1.1 4.00 50.00 54.00 OK
r-patched-linux-x86_64 1.1.1 2.89 26.32 29.21 OK
r-release-linux-x86_64 1.1.1 1.96 26.64 28.60 OK
r-release-macos-arm64 1.1.1 17.00 OK
r-release-macos-x86_64 1.1.1 31.00 OK
r-release-windows-x86_64 1.1.1 3.00 45.00 48.00 OK
r-oldrel-macos-arm64 1.1.1 17.00 NOTE
r-oldrel-macos-x86_64 1.1.1 24.00 NOTE
r-oldrel-windows-x86_64 1.1.1 5.00 51.00 56.00 NOTE

Check Details

Version: 1.1.1
Check: examples
Result: NOTE Examples with CPU (user + system) or elapsed time > 5s user system elapsed iccbin 5.459 0.106 6.772 Flavor: r-devel-linux-x86_64-debian-clang

Version: 1.1.1
Check: LazyData
Result: NOTE 'LazyData' is specified without a 'data' directory Flavors: r-oldrel-macos-arm64, r-oldrel-macos-x86_64, r-oldrel-windows-x86_64