CRAN Package Check Results for Package ICD10gm

Last updated on 2025-04-30 04:50:08 CEST.

Flavor Version Tinstall Tcheck Ttotal Status Flags
r-devel-linux-x86_64-debian-clang 1.2.5 46.46 163.27 209.73 NOTE
r-devel-linux-x86_64-debian-gcc 1.2.5 31.47 106.73 138.20 NOTE
r-devel-linux-x86_64-fedora-clang 1.2.5 327.69 NOTE
r-devel-linux-x86_64-fedora-gcc 1.2.5 335.73 NOTE
r-devel-windows-x86_64 1.2.5 44.00 161.00 205.00 NOTE
r-patched-linux-x86_64 1.2.5 44.84 154.79 199.63 NOTE
r-release-linux-x86_64 1.2.5 43.16 152.28 195.44 NOTE
r-release-macos-arm64 1.2.5 109.00 NOTE
r-release-macos-x86_64 1.2.5 218.00 NOTE
r-release-windows-x86_64 1.2.5 46.00 166.00 212.00 NOTE
r-oldrel-macos-arm64 1.2.5 108.00 OK
r-oldrel-macos-x86_64 1.2.5 152.00 OK
r-oldrel-windows-x86_64 1.2.5 51.00 209.00 260.00 OK

Check Details

Version: 1.2.5
Check: DESCRIPTION meta-information
Result: NOTE Missing dependency on R >= 4.1.0 because package code uses the pipe |> or function shorthand \(...) syntax added in R 4.1.0. File(s) using such syntax: ‘icd_lookup.R’ Flavors: r-devel-linux-x86_64-debian-clang, r-devel-linux-x86_64-debian-gcc, r-devel-linux-x86_64-fedora-clang, r-devel-linux-x86_64-fedora-gcc, r-devel-windows-x86_64, r-patched-linux-x86_64, r-release-linux-x86_64, r-release-macos-arm64, r-release-macos-x86_64, r-release-windows-x86_64