Last updated on 2025-07-05 04:50:17 CEST.
Flavor | Version | Tinstall | Tcheck | Ttotal | Status | Flags |
---|---|---|---|---|---|---|
r-devel-linux-x86_64-debian-clang | 0.1.3 | 26.81 | 263.52 | 290.33 | OK | |
r-devel-linux-x86_64-debian-gcc | 0.1.3 | 19.47 | 176.83 | 196.30 | OK | |
r-devel-linux-x86_64-fedora-clang | 0.1.3 | 445.39 | OK | |||
r-devel-linux-x86_64-fedora-gcc | 0.1.3 | 476.85 | OK | |||
r-devel-windows-x86_64 | 0.1.3 | 25.00 | 211.00 | 236.00 | OK | |
r-patched-linux-x86_64 | 0.1.3 | 22.97 | 248.10 | 271.07 | OK | |
r-release-linux-x86_64 | 0.1.3 | 22.46 | 245.58 | 268.04 | OK | |
r-release-macos-arm64 | 0.1.3 | 5.00 | ERROR | |||
r-release-macos-x86_64 | 0.1.3 | 311.00 | OK | |||
r-release-windows-x86_64 | 0.1.3 | 24.00 | 223.00 | 247.00 | OK | |
r-oldrel-macos-arm64 | 0.1.3 | 115.00 | OK | |||
r-oldrel-macos-x86_64 | 0.1.3 | 360.00 | OK | |||
r-oldrel-windows-x86_64 | 0.1.3 | 32.00 | 273.00 | 305.00 | OK |
Version: 0.1.3
Check: package dependencies
Result: ERROR
Package required but not available: ‘org.Hs.eg.db’
See section ‘The DESCRIPTION file’ in the ‘Writing R Extensions’
manual.
Flavor: r-release-macos-arm64