CRAN Package Check Results for Package ICDS

Last updated on 2025-04-30 04:50:08 CEST.

Flavor Version Tinstall Tcheck Ttotal Status Flags
r-devel-linux-x86_64-debian-clang 0.1.3 25.13 264.60 289.73 NOTE
r-devel-linux-x86_64-debian-gcc 0.1.3 19.02 178.60 197.62 NOTE
r-devel-linux-x86_64-fedora-clang 0.1.3 487.77 OK
r-devel-linux-x86_64-fedora-gcc 0.1.3 439.04 OK
r-devel-windows-x86_64 0.1.3 26.00 218.00 244.00 OK
r-patched-linux-x86_64 0.1.3 26.12 244.80 270.92 OK
r-release-linux-x86_64 0.1.3 22.44 245.48 267.92 OK
r-release-macos-arm64 0.1.3 5.00 ERROR
r-release-macos-x86_64 0.1.3 311.00 OK
r-release-windows-x86_64 0.1.3 27.00 228.00 255.00 OK
r-oldrel-macos-arm64 0.1.3 115.00 OK
r-oldrel-macos-x86_64 0.1.3 360.00 OK
r-oldrel-windows-x86_64 0.1.3 29.00 275.00 304.00 OK

Check Details

Version: 0.1.3
Check: examples
Result: NOTE Examples with CPU (user + system) or elapsed time > 5s user system elapsed opt_subpath 15.886 0.188 19.157 Flavor: r-devel-linux-x86_64-debian-clang

Version: 0.1.3
Check: examples
Result: NOTE Examples with CPU (user + system) or elapsed time > 5s user system elapsed opt_subpath 8.531 0.231 10.017 Flavor: r-devel-linux-x86_64-debian-gcc

Version: 0.1.3
Check: package dependencies
Result: ERROR Package required but not available: ‘org.Hs.eg.db’ See section ‘The DESCRIPTION file’ in the ‘Writing R Extensions’ manual. Flavor: r-release-macos-arm64