CRAN Package Check Results for Package ICGE

Last updated on 2025-04-30 04:50:08 CEST.

Flavor Version Tinstall Tcheck Ttotal Status Flags
r-devel-linux-x86_64-debian-clang 0.4.2 2.97 28.64 31.61 NOTE
r-devel-linux-x86_64-debian-gcc 0.4.2 2.03 21.56 23.59 NOTE
r-devel-linux-x86_64-fedora-clang 0.4.2 47.80 OK
r-devel-linux-x86_64-fedora-gcc 0.4.2 45.85 OK
r-devel-windows-x86_64 0.4.2 4.00 54.00 58.00 NOTE
r-patched-linux-x86_64 0.4.2 3.13 27.00 30.13 NOTE
r-release-linux-x86_64 0.4.2 2.83 26.76 29.59 NOTE
r-release-macos-arm64 0.4.2 19.00 OK
r-release-macos-x86_64 0.4.2 33.00 OK
r-release-windows-x86_64 0.4.2 3.00 53.00 56.00 NOTE
r-oldrel-macos-arm64 0.4.2 19.00 OK
r-oldrel-macos-x86_64 0.4.2 26.00 OK
r-oldrel-windows-x86_64 0.4.2 4.00 55.00 59.00 OK

Check Details

Version: 0.4.2
Check: Rd cross-references
Result: NOTE Found the following Rd file(s) with Rd \link{} targets missing package anchors: INCAnumclu.Rd: pam, diana, fanny Please provide package anchors for all Rd \link{} targets not in the package itself and the base packages. Flavors: r-devel-linux-x86_64-debian-clang, r-devel-linux-x86_64-debian-gcc, r-devel-windows-x86_64, r-patched-linux-x86_64, r-release-linux-x86_64, r-release-windows-x86_64