Last updated on 2025-04-30 04:50:08 CEST.
Flavor | Version | Tinstall | Tcheck | Ttotal | Status | Flags |
---|---|---|---|---|---|---|
r-devel-linux-x86_64-debian-clang | 0.3-5 | 32.08 | 213.01 | 245.09 | NOTE | |
r-devel-linux-x86_64-debian-gcc | 0.3-5 | 24.69 | 140.83 | 165.52 | NOTE | |
r-devel-linux-x86_64-fedora-clang | 0.3-5 | 385.83 | OK | |||
r-devel-linux-x86_64-fedora-gcc | 0.3-5 | 383.16 | OK | |||
r-devel-windows-x86_64 | 0.3-5 | 42.00 | 209.00 | 251.00 | NOTE | |
r-patched-linux-x86_64 | 0.3-5 | 33.58 | 201.43 | 235.01 | NOTE | |
r-release-linux-x86_64 | 0.3-5 | 34.70 | 200.68 | 235.38 | NOTE | |
r-release-macos-arm64 | 0.3-5 | 108.00 | OK | |||
r-release-macos-x86_64 | 0.3-5 | 200.00 | OK | |||
r-release-windows-x86_64 | 0.3-5 | 40.00 | 205.00 | 245.00 | NOTE | |
r-oldrel-macos-arm64 | 0.3-5 | 89.00 | NOTE | |||
r-oldrel-macos-x86_64 | 0.3-5 | 135.00 | NOTE | |||
r-oldrel-windows-x86_64 | 0.3-5 | 50.00 | 263.00 | 313.00 | OK |
Version: 0.3-5
Check: Rd cross-references
Result: NOTE
Found the following Rd file(s) with Rd \link{} targets missing package
anchors:
covSIR.Rd: ics
ggplot.ictest.Rd: ggpairs
ggplot.ladle.Rd: ggpairs
Please provide package anchors for all Rd \link{} targets not in the
package itself and the base packages.
Flavors: r-devel-linux-x86_64-debian-clang, r-devel-linux-x86_64-debian-gcc, r-devel-windows-x86_64, r-patched-linux-x86_64, r-release-linux-x86_64, r-release-windows-x86_64
Version: 0.3-5
Check: examples
Result: NOTE
Examples with CPU (user + system) or elapsed time > 5s
user system elapsed
ICSboot 31.952 0.099 37.569
ggplot.ladle 5.722 0.000 6.686
ggplot.ictest 4.732 0.004 6.117
Flavor: r-devel-linux-x86_64-debian-clang
Version: 0.3-5
Check: examples
Result: NOTE
Examples with CPU (user + system) or elapsed time > 5s
user system elapsed
ICSboot 16.957 0.184 20.562
Flavor: r-devel-linux-x86_64-debian-gcc
Version: 0.3-5
Check: installed package size
Result: NOTE
installed size is 5.4Mb
sub-directories of 1Mb or more:
doc 2.5Mb
libs 2.6Mb
Flavors: r-oldrel-macos-arm64, r-oldrel-macos-x86_64