Last updated on 2025-04-30 04:50:08 CEST.
Flavor | Version | Tinstall | Tcheck | Ttotal | Status | Flags |
---|---|---|---|---|---|---|
r-devel-linux-x86_64-debian-clang | 2.1.2 | 8.88 | 66.37 | 75.25 | NOTE | |
r-devel-linux-x86_64-debian-gcc | 2.1.2 | 5.84 | 48.23 | 54.07 | NOTE | |
r-devel-linux-x86_64-fedora-clang | 2.1.2 | 114.26 | OK | |||
r-devel-linux-x86_64-fedora-gcc | 2.1.2 | 107.45 | OK | |||
r-devel-windows-x86_64 | 2.1.2 | 9.00 | 84.00 | 93.00 | NOTE | |
r-patched-linux-x86_64 | 2.1.2 | 7.46 | 62.62 | 70.08 | NOTE | |
r-release-linux-x86_64 | 2.1.2 | 7.66 | 62.21 | 69.87 | NOTE | |
r-release-macos-arm64 | 2.1.2 | 35.00 | OK | |||
r-release-macos-x86_64 | 2.1.2 | 63.00 | OK | |||
r-release-windows-x86_64 | 2.1.2 | 9.00 | 83.00 | 92.00 | NOTE | |
r-oldrel-macos-arm64 | 2.1.2 | 32.00 | OK | |||
r-oldrel-macos-x86_64 | 2.1.2 | 48.00 | OK | |||
r-oldrel-windows-x86_64 | 2.1.2 | 11.00 | 95.00 | 106.00 | OK |
Version: 2.1.2
Check: CRAN incoming feasibility
Result: NOTE
Maintainer: ‘Felix S. Fauer <felix.fauer@met.fu-berlin.de>’
Package CITATION file contains call(s) to old-style citEntry(). Please
use bibentry() instead.
Flavors: r-devel-linux-x86_64-debian-clang, r-devel-linux-x86_64-debian-gcc
Version: 2.1.2
Check: Rd cross-references
Result: NOTE
Found the following Rd file(s) with Rd \link{} targets missing package
anchors:
gev.d.fit.Rd: gev.fit
gev.d.params.Rd: gev.fit
Please provide package anchors for all Rd \link{} targets not in the
package itself and the base packages.
Flavors: r-devel-linux-x86_64-debian-clang, r-devel-linux-x86_64-debian-gcc, r-devel-windows-x86_64, r-patched-linux-x86_64, r-release-linux-x86_64, r-release-windows-x86_64