Last updated on 2025-04-30 04:50:08 CEST.
Flavor | Version | Tinstall | Tcheck | Ttotal | Status | Flags |
---|---|---|---|---|---|---|
r-devel-linux-x86_64-debian-clang | 1.0.7 | 3.58 | 30.96 | 34.54 | NOTE | |
r-devel-linux-x86_64-debian-gcc | 1.0.7 | 2.15 | 24.41 | 26.56 | NOTE | |
r-devel-linux-x86_64-fedora-clang | 1.0.7 | 51.01 | OK | |||
r-devel-linux-x86_64-fedora-gcc | 1.0.7 | 47.29 | OK | |||
r-devel-windows-x86_64 | 1.0.7 | 4.00 | 66.00 | 70.00 | OK | |
r-patched-linux-x86_64 | 1.0.7 | 3.60 | 28.48 | 32.08 | OK | |
r-release-linux-x86_64 | 1.0.7 | 3.13 | 28.39 | 31.52 | OK | |
r-release-macos-arm64 | 1.0.7 | 30.00 | OK | |||
r-release-macos-x86_64 | 1.0.7 | 37.00 | OK | |||
r-release-windows-x86_64 | 1.0.7 | 4.00 | 66.00 | 70.00 | OK | |
r-oldrel-macos-arm64 | 1.0.7 | 22.00 | OK | |||
r-oldrel-macos-x86_64 | 1.0.7 | 31.00 | OK | |||
r-oldrel-windows-x86_64 | 1.0.7 | 5.00 | 67.00 | 72.00 | OK |
Version: 1.0.7
Check: examples
Result: NOTE
Examples with CPU (user + system) or elapsed time > 5s
user system elapsed
MBRM_parallel 1.826 0.119 9.004
Flavor: r-devel-linux-x86_64-debian-clang
Version: 1.0.7
Check: examples
Result: NOTE
Examples with CPU (user + system) or elapsed time > 5s
user system elapsed
MBRM_parallel 2.088 0.055 22.332
Flavor: r-devel-linux-x86_64-debian-gcc