Last updated on 2025-04-30 04:50:08 CEST.
Flavor | Version | Tinstall | Tcheck | Ttotal | Status | Flags |
---|---|---|---|---|---|---|
r-devel-linux-x86_64-debian-clang | 0.3.4 | 16.90 | 89.35 | 106.25 | NOTE | |
r-devel-linux-x86_64-debian-gcc | 0.3.4 | 10.10 | 62.92 | 73.02 | NOTE | |
r-devel-linux-x86_64-fedora-clang | 0.3.4 | 151.64 | OK | |||
r-devel-linux-x86_64-fedora-gcc | 0.3.4 | 137.37 | OK | |||
r-devel-windows-x86_64 | 0.3.4 | 17.00 | 90.00 | 107.00 | OK | |
r-patched-linux-x86_64 | 0.3.4 | 16.43 | 79.56 | 95.99 | OK | |
r-release-linux-x86_64 | 0.3.4 | 16.74 | 80.15 | 96.89 | OK | |
r-release-macos-arm64 | 0.3.4 | 49.00 | OK | |||
r-release-macos-x86_64 | 0.3.4 | 80.00 | OK | |||
r-release-windows-x86_64 | 0.3.4 | 17.00 | 96.00 | 113.00 | OK | |
r-oldrel-macos-arm64 | 0.3.4 | 42.00 | OK | |||
r-oldrel-macos-x86_64 | 0.3.4 | 67.00 | OK | |||
r-oldrel-windows-x86_64 | 0.3.4 | 23.00 | 114.00 | 137.00 | OK |
Version: 0.3.4
Check: CRAN incoming feasibility
Result: NOTE
Maintainer: ‘Jean-Luc Lipatz <jllipatz@protonmail.com>’
No Authors@R field in DESCRIPTION.
Please add one, modifying
Authors@R: c(person(given = "Jean-Luc",
family = "Lipatz",
role = c("aut", "cre"),
email = "jllipatz@protonmail.com"),
person(given = "Bernard",
family = "Gestin",
role = "ctb"))
as necessary.
Flavors: r-devel-linux-x86_64-debian-clang, r-devel-linux-x86_64-debian-gcc